{"id":5040,"date":"2021-02-07T22:33:42","date_gmt":"2021-02-07T21:33:42","guid":{"rendered":"https:\/\/www.slovokult-literatur.de\/?post_type=product&#038;p=5040"},"modified":"2023-04-16T02:24:06","modified_gmt":"2023-04-16T00:24:06","slug":"crauss-blackbox","status":"publish","type":"product","link":"https:\/\/www.slovokult-literatur.de\/index.php\/produkt\/crauss-blackbox\/","title":{"rendered":":: Crauss :: BLACKBOX ::"},"content":{"rendered":"<h4><a href=\"https:\/\/www.slovokult-literatur.de\/index.php\/slovokult-slovothek\/\"><strong>Buchreihe\/Book series\/\u0415\u0434\u0438\u0446\u0438\u0458\u0430\u00a0<\/strong>::<\/a><\/h4>\n<p><a href=\"https:\/\/www.slovokult-literatur.de\/index.php\/slovokult-slovothek\/\"><strong>SlovoKult :: Slovothek\u00a0<\/strong><\/a><br \/>\n<strong>\u0421\u043b\u043e\u0432\u043e\u041a\u0443\u043b\u0442 :: \u0421\u043b\u043e\u0432\u043e\u0442\u0435\u043a\u0430<\/strong><\/p>\n<p>erscheint in zwei L\u00e4ndern :: published in two countries<br \/>\nN. Mazedonien\/N. Macedonia f\u00fcr\/for <strong>Art Equlibrium<\/strong> und Deutschland\/Germany f\u00fcr\/for <strong>SlovoKult :: Literatur\/a Berlin<\/strong><\/p>\n<p><strong>:: 02 ::\u00a0<\/strong><br \/>\n<strong>:: Crauss<\/strong> :: BLACKBOX ::<br \/>\ndreisprachige lyriksammlung :: <strong>trilingual poetry collection<\/strong> :: \u0442\u0440\u0438\u0458\u0430\u0437\u0438\u0447\u043d\u0430 \u0437\u0431\u0438\u0440\u043a\u0430 \u043f\u043e\u0435\u0437\u0438\u0458\u0430 ::<\/p>\n<p>(English below)<\/p>\n<p>Nach mehreren Jahren planen und versuchen eine F\u00f6rderung zu bekommen, ist das Buch endlich erschienen! Es beinhaltet eine Auswahl an Gedichten von allen Gedichtb\u00e4nden des Autors von 2001 bis 2019. Mit der dreisprachigen Ausgabe bietet das Buch eine M\u00f6glichkeit, dass die Lyrik von Crauss ein internationales Publikum erreicht. Das genau ist auch der Sinn dieser Buchreihe, die sich vorgenommen hat, zwei- und dreisprachige Gedichtb\u00e4nden mit ausgew\u00e4hlten Gedichten zu ver\u00f6ffentlichen. Dazu werden Kunstwerke ausgew\u00e4hlt \u2013 f\u00fcr diesen Band sind es Zeichnungen von Irena Paskali, die mit einem historischen Graphit gemacht wurden.<br \/>\nDa es sich um eine unabh\u00e4ngige und kleine Buchproduktion handelt, sind sowohl Autor*innen als auch Gedichte und Kunstwerke aufmerksam ausgew\u00e4hlt und es wird auch viel Wert auf die Qualit\u00e4t der \u00dcbersetzung gelegt &#8211; hier angefertigt von zwei Profis, die selbst zweisprachige Dichter\/Schriftsteller sind :: ins Englische von Mark Kanak :: Ins Mazedonische von Elizabeta Lindner ::<\/p>\n<p>Unterst\u00fctzt von dem Kultusministerium Nordrhein-Westfallen und N. Mazedonien und dem Europ\u00e4ischen \u00dcbersetzerkollegium Straelen.<\/p>\n<p>:<a href=\"https:\/\/www.slovokult-literatur.de\/index.php\/crauss-blackbox-live\/\">: Dreisprachige Lesung :: Biennale f\u00fcr zeitgen\u00f6ssische K\u00fcnste SlovoKult :: literARTour 2020<\/a><\/p>\n<p><iframe loading=\"lazy\" title=\"Crauss :: BLACKBOX :: Berlin :: trilingual poetry reading :: drawings Irena Paskali\" width=\"640\" height=\"360\" src=\"https:\/\/www.youtube.com\/embed\/vwr5dgFKVwM?feature=oembed\" frameborder=\"0\" allow=\"accelerometer; autoplay; clipboard-write; encrypted-media; gyroscope; picture-in-picture; web-share\" allowfullscreen><\/iframe><\/p>\n<p>:: EN ::<br \/>\nAfter several years of planning and trying to get funding, the book is finally out! It contains a selection of poems from all of the author&#8217;s poetry books from 2001 to 2019. With the trilingual edition, the book offers a way for Crauss&#8217;s poetry to reach international audience. That is precisely the purpose of this book series, which aims to publish bilingual and trilingual volumes of selected poetry. Additionally, works of art are selected &#8211; for this volume they are drawings by Irena Paskali, made with a historical graphite.<br \/>\nSince this is an independent and small book production, authors, poems and artworks are carefully selected, and much attention is also paid to the quality of translation &#8211; here made by two professionals who are bilingual poets\/writers themselves :: into English by Mark Kanak :: into Macedonian by Elizabeta Lindner ::<\/p>\n<p>Supported by the Ministry of Culture of North Rhine-Westphalia and N. Macedonia and the Europ\u00e4isches \u00dcbersetzerkollegium Straelen.<\/p>\n","protected":false},"excerpt":{"rendered":"<p><strong>:: Crauss<\/strong> :: BLACKBOX ::<br \/>\ndreisprachige lyriksammlung :: <strong>trilingual poetry collection<\/strong> :: \u0442\u0440\u0438\u0458\u0430\u0437\u0438\u0447\u043d\u0430 \u0437\u0431\u0438\u0440\u043a\u0430 \u043f\u043e\u0435\u0437\u0438\u0458\u0430 ::<br \/>\nHerausgegeben von \/ Edited by \/ \u043f\u0440\u0438\u0440\u0435\u0434\u0438\u043b\u0430 :: <strong>Elizabeta Lindner<\/strong><br \/>\nEnglish :: <strong>Mark Kanak<\/strong> ::<br \/>\n\u041c\u0430\u043a\u0435\u0434\u043e\u043d\u0441\u043a\u0438 :: <strong>\u0415\u043b\u0438\u0437\u0430\u0431\u0435\u0442\u0430 \u041b\u0438\u043d\u0434\u043d\u0435\u0440<\/strong> ::<br \/>\nArtworks und Titelbild :: <strong>Irena Paskali<\/strong><\/p>\n<p>Teil der Buchreihe ::<br \/>\n<strong>SlovoKult :: Slovothek :: 03 ::<\/strong><\/p>\n<p><strong>:: SlovoKult :: Literatur\/a &amp; Art Equilibrium :: 2020<\/strong><\/p>\n<p><strong>ISBN :: 978-3-946538-03-5<\/strong><\/p>\n<p>116 Seiten mit 10 Zeichnungen von <strong>Irena Paskali<\/strong><\/p>\n<div class=\"woocommerce-product-details__short-description\">\n<p>Printed in Germany :: <strong>wir machen druck<\/strong><\/p>\n<p>Porto :: Deutschland :: 2,30\/2,90 Euro (Prio)<\/p>\n<p>Europa (EU) :: 3,70 Euro<\/p>\n<\/div>\n<p>&nbsp;<\/p>\n","protected":false},"featured_media":5043,"template":"","meta":[],"product_cat":[25],"product_tag":[],"_links":{"self":[{"href":"https:\/\/www.slovokult-literatur.de\/index.php\/wp-json\/wp\/v3\/product\/5040"}],"collection":[{"href":"https:\/\/www.slovokult-literatur.de\/index.php\/wp-json\/wp\/v3\/product"}],"about":[{"href":"https:\/\/www.slovokult-literatur.de\/index.php\/wp-json\/wp\/v2\/types\/product"}],"wp:featuredmedia":[{"embeddable":true,"href":"https:\/\/www.slovokult-literatur.de\/index.php\/wp-json\/wp\/v2\/media\/5043"}],"wp:attachment":[{"href":"https:\/\/www.slovokult-literatur.de\/index.php\/wp-json\/wp\/v2\/media?parent=5040"}],"wp:term":[{"taxonomy":"product_cat","embeddable":true,"href":"https:\/\/www.slovokult-literatur.de\/index.php\/wp-json\/wp\/v2\/product_cat?post=5040"},{"taxonomy":"product_tag","embeddable":true,"href":"https:\/\/www.slovokult-literatur.de\/index.php\/wp-json\/wp\/v2\/product_tag?post=5040"}],"curies":[{"name":"wp","href":"https:\/\/api.w.org\/{rel}","templated":true}]}}