{"id":849,"date":"2018-04-29T00:11:43","date_gmt":"2018-04-28T22:11:43","guid":{"rendered":"http:\/\/www.slovokult-literatur.de\/?page_id=849"},"modified":"2019-09-24T01:42:15","modified_gmt":"2019-09-23T23:42:15","slug":"09-gjoko-zdraveski-frank-diersch","status":"publish","type":"page","link":"https:\/\/www.slovokult-literatur.de\/index.php\/gedicht-und-bild\/09-gjoko-zdraveski-frank-diersch\/","title":{"rendered":"::09:: Gjoko Zdraveski"},"content":{"rendered":"<h4 style=\"text-align: center;\"><a href=\"http:\/\/www.slovokult-literatur.de\/index.php\/gedicht-und-bild\/\">::Gedicht und Gebilde::<\/a><\/h4>\n<h5 style=\"text-align: center;\">09:: Gjoko Zdraveski:: Frank Diersch<\/h5>\n<h5 style=\"text-align: center;\"><a href=\"http:\/\/www.slovokult-literatur.de\/wp-content\/uploads\/2018\/04\/Gjoko_Zdraveski.jpg\" target=\"_blank\" rel=\"noopener\"><br \/>\n<img decoding=\"async\" loading=\"lazy\" class=\"wp-image-851 size-thumbnail aligncenter\" src=\"http:\/\/www.slovokult-literatur.de\/wp-content\/uploads\/2018\/04\/Gjoko_Zdraveski-150x150.jpg\" alt=\"\" width=\"150\" height=\"150\" srcset=\"https:\/\/www.slovokult-literatur.de\/wp-content\/uploads\/2018\/04\/Gjoko_Zdraveski-150x150.jpg 150w, https:\/\/www.slovokult-literatur.de\/wp-content\/uploads\/2018\/04\/Gjoko_Zdraveski-180x180.jpg 180w, https:\/\/www.slovokult-literatur.de\/wp-content\/uploads\/2018\/04\/Gjoko_Zdraveski-300x300.jpg 300w, https:\/\/www.slovokult-literatur.de\/wp-content\/uploads\/2018\/04\/Gjoko_Zdraveski-600x600.jpg 600w\" sizes=\"(max-width: 150px) 100vw, 150px\" \/><\/a><\/h5>\n<h5 style=\"text-align: center;\"><b>Gjoko Zdraveski<\/b><\/h5>\n<p style=\"text-align: center;\"><img decoding=\"async\" loading=\"lazy\" src=\"http:\/\/vg08.met.vgwort.de\/na\/b284bee8023046b3afa58aec2657234b\" alt=\"\" width=\"1\" height=\"1\" \/><a href=\"http:\/\/www.slovokult.eu\/index.php\/stihotvorba-i-slika\/\" target=\"_blank\" rel=\"noopener\"><strong>::\u041c\u0430\u043a\u0435\u0434\u043e\u043d\u0441\u043a\u0438::<\/strong><\/a><\/p>\n<p style=\"text-align: center;\"><strong>dedicar icaral<\/strong><\/p>\n<p style=\"text-align: center;\">wie kannst du dich dir<br \/>\nselbst<br \/>\nden anderen<br \/>\nerkl\u00e4ren<br \/>\nwie kannst du deine<br \/>\nwidersrp\u00fcche<br \/>\ndie inneren z\u00fcgel<br \/>\ndie dialektik deines wesens<br \/>\nerkl\u00e4ren<br \/>\nwie kannst du harmonie finden<br \/>\nzwischen schwarz und wei\u00df<br \/>\nzwischen dem anfang und dem ende<br \/>\ndes kreises<br \/>\nzwischen dem ersten und dem letzten<br \/>\nhaus<br \/>\nwie den mond mit der sonne verbinden<br \/>\nwie kannst du aus der stadt ein kloster<br \/>\nund aus deinem k\u00f6rper einen tempel machen<br \/>\nwie kannst du unter menschen gehen<br \/>\nwie kannst du allein mit dir selbst bleiben<br \/>\nruhig<br \/>\nwie kannst du dem wind<br \/>\naus fremden worten<br \/>\naus fremden anschauungen<br \/>\nder welt widerstehen<br \/>\nwie kannst du keinen stein werfen<br \/>\nverschweigen<br \/>\nam einfachsten ist es<br \/>\nmit einem wink alles abzutun<br \/>\nl\u00e4cheln zu k\u00f6nnen<br \/>\nals h\u00e4ttest du alles verstanden<br \/>\ndich selbst<br \/>\ndie welt<br \/>\nin dir<br \/>\nund au\u00dferhalb<br \/>\nund deine \u00e4ngste<br \/>\nund die eigenen tr\u00e4ume<br \/>\nund die abgr\u00fcnde<br \/>\nund die spitzen deiner berge<\/p>\n<p style=\"text-align: center;\">wie kannst du das meer beruhigen<br \/>\ndie wolken vertreiben<br \/>\nleer werden<br \/>\nv\u00f6llig<br \/>\nleer<br \/>\ndurchsichtig<br \/>\ndass du<br \/>\ndich selbst durchschaust<\/p>\n<p style=\"text-align: center;\"><i>Aus dem Mazedonischen::<\/i><strong>Elizabeta Lindner<\/strong><\/p>\n<p>&nbsp;<\/p>\n<p style=\"text-align: center;\"><strong><b>Frank Diersch, Der Sohn, 2015<\/b><\/strong><\/p>\n<p><a href=\"http:\/\/www.slovokult-literatur.de\/wp-content\/uploads\/2018\/04\/Frank_Diersch_der_Sohn_297_x_21cm_2015.jpg\" target=\"_blank\" rel=\"noopener\"><img decoding=\"async\" loading=\"lazy\" class=\"aligncenter wp-image-856 size-full\" src=\"http:\/\/www.slovokult-literatur.de\/wp-content\/uploads\/2018\/04\/Frank_Diersch_der_Sohn_297_x_21cm_2015.jpg\" alt=\"\" width=\"670\" height=\"948\" srcset=\"https:\/\/www.slovokult-literatur.de\/wp-content\/uploads\/2018\/04\/Frank_Diersch_der_Sohn_297_x_21cm_2015.jpg 670w, https:\/\/www.slovokult-literatur.de\/wp-content\/uploads\/2018\/04\/Frank_Diersch_der_Sohn_297_x_21cm_2015-212x300.jpg 212w, https:\/\/www.slovokult-literatur.de\/wp-content\/uploads\/2018\/04\/Frank_Diersch_der_Sohn_297_x_21cm_2015-400x566.jpg 400w\" sizes=\"(max-width: 670px) 100vw, 670px\" \/><\/a><\/p>\n<p>&nbsp;<\/p>\n<p>&nbsp;<\/p>\n","protected":false},"excerpt":{"rendered":"<p>::Gedicht und Gebilde:: 09:: Gjoko Zdraveski:: Frank Diersch Gjoko Zdraveski ::\u041c\u0430\u043a\u0435\u0434\u043e\u043d\u0441\u043a\u0438:: dedicar icaral wie kannst du dich dir selbst den anderen erkl\u00e4ren wie kannst du deine widersrp\u00fcche die inneren z\u00fcgel die dialektik deines wesens erkl\u00e4ren wie kannst du harmonie finden [&hellip;]<\/p>\n","protected":false},"author":1,"featured_media":856,"parent":172,"menu_order":0,"comment_status":"closed","ping_status":"closed","template":"","meta":{"footnotes":""},"_links":{"self":[{"href":"https:\/\/www.slovokult-literatur.de\/index.php\/wp-json\/wp\/v2\/pages\/849"}],"collection":[{"href":"https:\/\/www.slovokult-literatur.de\/index.php\/wp-json\/wp\/v2\/pages"}],"about":[{"href":"https:\/\/www.slovokult-literatur.de\/index.php\/wp-json\/wp\/v2\/types\/page"}],"author":[{"embeddable":true,"href":"https:\/\/www.slovokult-literatur.de\/index.php\/wp-json\/wp\/v2\/users\/1"}],"replies":[{"embeddable":true,"href":"https:\/\/www.slovokult-literatur.de\/index.php\/wp-json\/wp\/v2\/comments?post=849"}],"version-history":[{"count":13,"href":"https:\/\/www.slovokult-literatur.de\/index.php\/wp-json\/wp\/v2\/pages\/849\/revisions"}],"predecessor-version":[{"id":3080,"href":"https:\/\/www.slovokult-literatur.de\/index.php\/wp-json\/wp\/v2\/pages\/849\/revisions\/3080"}],"up":[{"embeddable":true,"href":"https:\/\/www.slovokult-literatur.de\/index.php\/wp-json\/wp\/v2\/pages\/172"}],"wp:featuredmedia":[{"embeddable":true,"href":"https:\/\/www.slovokult-literatur.de\/index.php\/wp-json\/wp\/v2\/media\/856"}],"wp:attachment":[{"href":"https:\/\/www.slovokult-literatur.de\/index.php\/wp-json\/wp\/v2\/media?parent=849"}],"curies":[{"name":"wp","href":"https:\/\/api.w.org\/{rel}","templated":true}]}}