{"id":689,"date":"2018-03-21T16:38:02","date_gmt":"2018-03-21T15:38:02","guid":{"rendered":"http:\/\/www.slovokult-literatur.de\/?page_id=689"},"modified":"2019-09-24T01:36:38","modified_gmt":"2019-09-23T23:36:38","slug":"06-h-c-artmann","status":"publish","type":"page","link":"https:\/\/www.slovokult-literatur.de\/index.php\/gedicht-und-bild\/06-h-c-artmann\/","title":{"rendered":"::06::H.C. Artmann"},"content":{"rendered":"<h4><a href=\"http:\/\/www.slovokult-literatur.de\/index.php\/gedicht-und-bild\/\">Gedicht und Gebilde::<\/a><\/h4>\n<h4>::06::<\/h4>\n<h4>H.C. Artmann<\/h4>\n<p><img decoding=\"async\" loading=\"lazy\" class=\"alignnone size-medium wp-image-690\" src=\"http:\/\/www.slovokult-literatur.de\/wp-content\/uploads\/2018\/03\/H.C.-Artmann-Foto-Emille--300x205.jpg\" alt=\"\" width=\"300\" height=\"205\" srcset=\"https:\/\/www.slovokult-literatur.de\/wp-content\/uploads\/2018\/03\/H.C.-Artmann-Foto-Emille--300x205.jpg 300w, https:\/\/www.slovokult-literatur.de\/wp-content\/uploads\/2018\/03\/H.C.-Artmann-Foto-Emille--768x525.jpg 768w, https:\/\/www.slovokult-literatur.de\/wp-content\/uploads\/2018\/03\/H.C.-Artmann-Foto-Emille--1024x699.jpg 1024w, https:\/\/www.slovokult-literatur.de\/wp-content\/uploads\/2018\/03\/H.C.-Artmann-Foto-Emille--400x273.jpg 400w\" sizes=\"(max-width: 300px) 100vw, 300px\" \/><\/p>\n<p><strong>Foto::(c)::Emily Artmann<\/strong><\/p>\n<p>&nbsp;<\/p>\n<p><a href=\"http:\/\/www.slovokult.eu\/index.php\/stihotvorba-i-slika\/h-c-artmann-monika-moteska\/\"><em><strong>\u041c\u0430\u043a\u0435\u0434\u043e\u043d\u0441\u043a\u0438<\/strong><\/em><\/a><\/p>\n<p>&nbsp;<\/p>\n<p>so gehen meine tage nutzlos dahin<\/p>\n<p>und der regen tr\u00e4umt sich<\/p>\n<p>ins feil der braunen felder<\/p>\n<p>&nbsp;<\/p>\n<p>so l\u00e4\u00dft sie ihre hand aus der meinen<\/p>\n<p>sinkend eine tulpe im schatten<\/p>\n<p>ein vogel nachtm\u00fcde im baum<\/p>\n<p>&nbsp;<\/p>\n<p>wie ist mir das lied geworden<\/p>\n<p>was \u00e4nderte die sprache seiner musik<\/p>\n<p>was geschah an den brauen des reims<\/p>\n<p>&nbsp;<\/p>\n<p>losgel\u00f6st hat sich mein mund<\/p>\n<p>von sch\u00f6neren worten<\/p>\n<p>wie ein blatt vom strauch<\/p>\n<p>&nbsp;<\/p>\n<p>zwei weidende pferde tag um tag<\/p>\n<p>genug noch gras da wollm\u00e4hniges<\/p>\n<p>acht hufe \u00fcber dem bett meines herzens<\/p>\n<p>&nbsp;<\/p>\n<p>wie manchem ist der herbst gekommen<\/p>\n<p>als z\u00e4rtlicher freund<\/p>\n<p>mir aber wollen dinge bitter ins blut<\/p>\n<p>&nbsp;<\/p>\n<p>das gel\u00e4ute in den abendbergen<\/p>\n<p>der nebel im seelandmorgen<\/p>\n<p>wer liebt mehr als ich<\/p>\n<p>&nbsp;<\/p>\n<p>ich bitte euch ihr unsichtbaren<\/p>\n<p>beim zauber euch gehorsamer pflanzen<\/p>\n<p>entgiftet mir diesen Schierling<\/p>\n<p>&nbsp;<\/p>\n<p>nebel und mond<\/p>\n<p>die apfelzweige lasten schon<\/p>\n<p>\u00fcber dem land der herbstwiesen<\/p>\n<p>&nbsp;<\/p>\n<p>ein zeit ist mein w\u00fcnsch<\/p>\n<p>gerade gro\u00df genug f\u00fcr zwei<\/p>\n<p>geschnitten aus der \u00e4u\u00dferlichkeit unserer k\u00f6rper<\/p>\n<p>&nbsp;<\/p>\n<p>schaut je ein auge so weit<\/p>\n<p>&nbsp;<\/p>\n<p>innerhalb dieser festung warte ich auf sie<\/p>\n<p>bang fast schwankend<\/p>\n<p>wie ein bussard zwischen regen und mord mein mut<\/p>\n<p>&nbsp;<\/p>\n<p>wird sie kommen<\/p>\n<p>wird mein ruf sie erlocken<\/p>\n<p>wird die magnetnadel meines w\u00fcnschens<\/p>\n<p>unser zeit dichtn\u00e4hen<\/p>\n<p>&nbsp;<\/p>\n<p>wie roter wein meine tage<\/p>\n<p>wie ein hauch naher ulmen<\/p>\n<p>stundauf stundab das pochende gehen der \u00e4dern<\/p>\n<p>leise lose gel\u00f6st<\/p>\n<p>schatten eines schnellflie\u00dfenden baches<\/p>\n<p>&nbsp;<\/p>\n<p>weiden oder wimpern \u2013<\/p>\n<p>wozu noch unterschiede<\/p>\n<p>&nbsp;<\/p>\n<p>ich habe drei hirsche am waldrand gesehen<\/p>\n<p>langsam durchhuften sie<\/p>\n<p>das zwergenged\u00e4mmer von moos und farn<\/p>\n<p>ich habe mein blut meine haut und<\/p>\n<p>die Sehnsucht meines wartenden mundes<\/p>\n<p>mit ihrem dunklen schrei vermischt<\/p>\n<p>&nbsp;<\/p>\n<p>kein zauber ist mir fremd geblieben<\/p>\n<p>&nbsp;<\/p>\n<p>::::::::::::::::::::::::::::::::::::::::::::::::::::::::::::::::::::::::::::::::<\/p>\n<p>aus dem Gedichtband &#8222;Verbarium&#8220;, Walter-Verlag, 1966<\/p>\n<p><strong>mit freundlicher Genehmigung von :: Rosa Artmann <\/strong>(aka Rosa Pock)<\/p>\n<p>:::::::::::::::::::::::::::::::::::::::::::::::::::::::::::::::::::::::::::::::::::::::::::::::::::::::::::::<\/p>\n<h4>Monika Moteska::Ber\u00fchrungen::1996<\/h4>\n<p><a href=\"http:\/\/www.slovokult-literatur.de\/wp-content\/uploads\/2018\/03\/Monika-Moteska_Dopiri-1996-2.jpg\" target=\"_blank\" rel=\"noopener\"><img decoding=\"async\" loading=\"lazy\" class=\"alignnone wp-image-695 size-full\" src=\"http:\/\/www.slovokult-literatur.de\/wp-content\/uploads\/2018\/03\/Monika-Moteska_Dopiri-1996-2.jpg\" alt=\"\" width=\"1500\" height=\"1218\" srcset=\"https:\/\/www.slovokult-literatur.de\/wp-content\/uploads\/2018\/03\/Monika-Moteska_Dopiri-1996-2.jpg 1500w, https:\/\/www.slovokult-literatur.de\/wp-content\/uploads\/2018\/03\/Monika-Moteska_Dopiri-1996-2-300x244.jpg 300w, https:\/\/www.slovokult-literatur.de\/wp-content\/uploads\/2018\/03\/Monika-Moteska_Dopiri-1996-2-768x624.jpg 768w, https:\/\/www.slovokult-literatur.de\/wp-content\/uploads\/2018\/03\/Monika-Moteska_Dopiri-1996-2-1024x831.jpg 1024w, https:\/\/www.slovokult-literatur.de\/wp-content\/uploads\/2018\/03\/Monika-Moteska_Dopiri-1996-2-400x325.jpg 400w\" sizes=\"(max-width: 1500px) 100vw, 1500px\" \/><\/a><\/p>\n<p>&nbsp;<\/p>\n","protected":false},"excerpt":{"rendered":"<p>Gedicht und Gebilde:: ::06:: H.C. Artmann Foto::(c)::Emily Artmann &nbsp; \u041c\u0430\u043a\u0435\u0434\u043e\u043d\u0441\u043a\u0438 &nbsp; so gehen meine tage nutzlos dahin und der regen tr\u00e4umt sich ins feil der braunen felder &nbsp; so l\u00e4\u00dft sie ihre hand aus der meinen sinkend eine tulpe im [&hellip;]<\/p>\n","protected":false},"author":1,"featured_media":695,"parent":172,"menu_order":0,"comment_status":"closed","ping_status":"closed","template":"","meta":{"footnotes":""},"_links":{"self":[{"href":"https:\/\/www.slovokult-literatur.de\/index.php\/wp-json\/wp\/v2\/pages\/689"}],"collection":[{"href":"https:\/\/www.slovokult-literatur.de\/index.php\/wp-json\/wp\/v2\/pages"}],"about":[{"href":"https:\/\/www.slovokult-literatur.de\/index.php\/wp-json\/wp\/v2\/types\/page"}],"author":[{"embeddable":true,"href":"https:\/\/www.slovokult-literatur.de\/index.php\/wp-json\/wp\/v2\/users\/1"}],"replies":[{"embeddable":true,"href":"https:\/\/www.slovokult-literatur.de\/index.php\/wp-json\/wp\/v2\/comments?post=689"}],"version-history":[{"count":11,"href":"https:\/\/www.slovokult-literatur.de\/index.php\/wp-json\/wp\/v2\/pages\/689\/revisions"}],"predecessor-version":[{"id":692,"href":"https:\/\/www.slovokult-literatur.de\/index.php\/wp-json\/wp\/v2\/pages\/689\/revisions\/692"}],"up":[{"embeddable":true,"href":"https:\/\/www.slovokult-literatur.de\/index.php\/wp-json\/wp\/v2\/pages\/172"}],"wp:featuredmedia":[{"embeddable":true,"href":"https:\/\/www.slovokult-literatur.de\/index.php\/wp-json\/wp\/v2\/media\/695"}],"wp:attachment":[{"href":"https:\/\/www.slovokult-literatur.de\/index.php\/wp-json\/wp\/v2\/media?parent=689"}],"curies":[{"name":"wp","href":"https:\/\/api.w.org\/{rel}","templated":true}]}}