{"id":6739,"date":"2023-11-30T23:58:56","date_gmt":"2023-11-30T22:58:56","guid":{"rendered":"https:\/\/www.slovokult-literatur.de\/?page_id=6739"},"modified":"2024-01-07T22:20:43","modified_gmt":"2024-01-07T21:20:43","slug":"links-und-dokumente","status":"publish","type":"page","link":"https:\/\/www.slovokult-literatur.de\/index.php\/links-und-dokumente\/","title":{"rendered":"Leistungen"},"content":{"rendered":"<p>Unsere Anthologie der ersten Festivalausgabe 2018 zeigt das Konzept des Zusammenbringen von Text\/Poesie und \u00dcbersetzung + Bildende Kunst:<\/p>\n<p>PDF hier: <a href=\"http:\/\/www.slovokult-literatur.de\/download\/SlovoKult-literARTour-Anthologie.pdf\"><strong>SlovoKult :: Anthologie 2018<\/strong><\/a><\/p>\n<p>Wir sind dabei unser gro\u00dfes Dokumentationsmaterial von 2023 online zu stellen :: auf unseren youtube-Kanal :: <strong><a href=\"https:\/\/www.youtube.com\/channel\/UCuXKKj6xe3r4PpVmV0l1lBg\">SlovoKult :: literARTour<\/a><\/strong><\/p>\n<p><strong>SlovoKult<\/strong> :: schaffte es in 2023 die Veranstaltungsreihe :: SlovoKult :: Closerl f\u00fcnfmal erfolgreich durchzuf\u00fchren :: viermal in der legend\u00e4ren kreuzberger Spielst\u00e4tte <strong>West Germany<\/strong>, wo wir die Reihe auch in 2024 fortsetzen wollen. Wir haben es geschafft unser interdisziplin\u00e4res Konzept :: text\/vision\/ sound, das auch mehrsprachige Polyphonie der Gedichte beinhaltet + Videoausstellung + live improvisierter Klang in einem multimedialen einzigartigen Happening &#8211; das ein eigenes Kunstwerk ist.<\/p>\n<p>Hier sind einige Impressionen von einem (typischen) Abend mit dem beschriebenen Programm: \u00a0<strong><a href=\"https:\/\/www.youtube.com\/watch?v=W1jJbTa__9I\">Impressionen :: SlovoKult :: Closer #3<\/a><\/strong><\/p>\n<p>Wir hatten auch drei Veranstaltungen in Skopje, unterst\u00fctzt von der <strong>Deutschen Botschaft in Skopje und Traduki<\/strong> &#8211; die die Reisekosten unserer Teilnehmer:innen aus Berlin unterst\u00fctzte. Material geht langsam online, hier sind zwei Videos von der ersten Veranstaltung, die mit einer Rede der deutschen Botschafterin in Skopje, Frau Petra Drexler, zum Thema: Sprache und ihre politische Bedeutung abhielt und danach unser Programm aufmerksam verfolgte, wo sie ein Novum in der Poesie bezeugen konnte: dreisprachige Polyphonie eines Gedichtes &#8211; gelesen von der Autorin selber + Videoausstellung + Live improvisierten Klang: <a href=\"https:\/\/www.youtube.com\/watch?v=53ClqatfPec&amp;t=157s\" target=\"_blank\" rel=\"noopener\"><strong>Elizabeta Kostadinovska + JD Zazie, \u00a0for SlovoKult, Skopje 2023:\u00a0<\/strong><\/a><\/p>\n<p>&nbsp;<\/p>\n","protected":false},"excerpt":{"rendered":"<p>Unsere Anthologie der ersten Festivalausgabe 2018 zeigt das Konzept des Zusammenbringen von Text\/Poesie und \u00dcbersetzung + Bildende Kunst: PDF hier: SlovoKult :: Anthologie 2018 Wir sind dabei unser gro\u00dfes Dokumentationsmaterial von 2023 online zu stellen :: auf unseren youtube-Kanal :: [&hellip;]<\/p>\n","protected":false},"author":1,"featured_media":6545,"parent":0,"menu_order":0,"comment_status":"closed","ping_status":"closed","template":"","meta":{"footnotes":""},"_links":{"self":[{"href":"https:\/\/www.slovokult-literatur.de\/index.php\/wp-json\/wp\/v2\/pages\/6739"}],"collection":[{"href":"https:\/\/www.slovokult-literatur.de\/index.php\/wp-json\/wp\/v2\/pages"}],"about":[{"href":"https:\/\/www.slovokult-literatur.de\/index.php\/wp-json\/wp\/v2\/types\/page"}],"author":[{"embeddable":true,"href":"https:\/\/www.slovokult-literatur.de\/index.php\/wp-json\/wp\/v2\/users\/1"}],"replies":[{"embeddable":true,"href":"https:\/\/www.slovokult-literatur.de\/index.php\/wp-json\/wp\/v2\/comments?post=6739"}],"version-history":[{"count":7,"href":"https:\/\/www.slovokult-literatur.de\/index.php\/wp-json\/wp\/v2\/pages\/6739\/revisions"}],"predecessor-version":[{"id":6741,"href":"https:\/\/www.slovokult-literatur.de\/index.php\/wp-json\/wp\/v2\/pages\/6739\/revisions\/6741"}],"wp:featuredmedia":[{"embeddable":true,"href":"https:\/\/www.slovokult-literatur.de\/index.php\/wp-json\/wp\/v2\/media\/6545"}],"wp:attachment":[{"href":"https:\/\/www.slovokult-literatur.de\/index.php\/wp-json\/wp\/v2\/media?parent=6739"}],"curies":[{"name":"wp","href":"https:\/\/api.w.org\/{rel}","templated":true}]}}