{"id":508,"date":"2018-01-30T16:59:28","date_gmt":"2018-01-30T15:59:28","guid":{"rendered":"http:\/\/www.slovokult-literatur.de\/?page_id=508"},"modified":"2018-01-30T20:36:10","modified_gmt":"2018-01-30T19:36:10","slug":"02-vladimir-lukas-hanna-hennenkemper","status":"publish","type":"page","link":"https:\/\/www.slovokult-literatur.de\/index.php\/aussage-gegen-ausdruck\/02-vladimir-lukas-hanna-hennenkemper\/","title":{"rendered":"::02::Vladimir Luka\u0161::Hanna Hennenkemper"},"content":{"rendered":"<h4><a href=\"http:\/\/www.slovokult-literatur.de\/index.php\/aussage-gegen-ausdruck\/\">Aussage::vs::Ausdruck<\/a><\/h4>\n<h5>::02::Vladimir Luka\u0161::Hanna Hennenkemper<\/h5>\n<h5>Vladimir Luka\u0161<\/h5>\n<p><strong>Ein kleines Wiegenlied*<\/strong><\/p>\n<p>Ein Baby ging sich t\u00e4towieren lassen. \u201eIch m\u00f6chte, dass du mir mein ganzes zuk\u00fcnftiges Leben eint\u00e4towierst\u201c, sagte es zum Tattoo-Meister, steckte sich den Schnuller in den Mund und machte es sich gem\u00fctlich auf der Tattoo-Bank.<\/p>\n<p>Sie begannen mit der Kindheit. Auf den Babybeinen zeichnete sich bereits das Bild eines Kindes ab, das einem Ball nachl\u00e4uft, das in den Parkteich f\u00e4llt, das seine beste Freundin von der ersten Etage herunterschupst, das eingeschult wird, das sich zum ersten Mal pr\u00fcgelt, das sich zum ersten Mal verliebt. Der Meister ging \u00fcber zum Bauch: h\u00f6here Schulklassen, merkw\u00fcrdige Cliquen, erste Freundin, erste Betrunkenheit, erster Schluss, erster Tod. Der Tattoo-Meister setzte die Geschichte auf den Armen fort, wo man deutlich die Szenen seines zweiten Lebensjahrzehnts sehen konnte: Die ersten Erfolge, die erste wahre Liebe, immer mehr Freude, immer mehr Sterbef\u00e4lle, immer mehr Verschlossenheit in sich selbst. Jetzt war der R\u00fccken dran. Jeder Farbtropfen dessen, was der Wendepunkt sein sollte, bedeutete f\u00fcr das Baby eine immer gr\u00f6\u00dfere Last: Arbeit, Heirat, Kinder, Rechnungen, Sich-entlieben, Scheidung, Unterhalt, neue Ehe ohne Liebe, gro\u00dfe Wahrheiten, kleine Augenblicke Freude, gro\u00dfe Entt\u00e4uschungen. Wie das Leben des Babys fortging, so f\u00fcllte sich sein K\u00f6rper mit immer traurigeren Bildern: Kriege, fremde Krankheiten, Sterbef\u00e4lle, eigene Krankheiten. Die Bilder kamen bis zur Stirn: Das Baby, bereits alt und gekr\u00fcmmt, ging langsam die v\u00f6llig ver\u00e4nderte kleine Stra\u00dfe aus der Kindheit entlang, kam zu einem riesigen Geb\u00e4ude, das genau da aufspross, wo sein Geburtshaus war, legte sich auf den B\u00fcrgersteig und starb.<\/p>\n<p>Der Tattoo-Meister legte das Werkzeug nieder und fotografierte aufmerksam die Bilder auf dem leblosen K\u00f6rper des Babys. Danach hob er es hoch, legte es in einen kleinen schwarzen Sarg und brachte es in einen gro\u00dfen Raum mit tausenden identischen S\u00e4rgen, an deren W\u00e4nden Fotos von tausenden unerf\u00fcllten Schicksalen klebten.<\/p>\n<p><strong>Aus dem Mazedonischen::Elizabeta Lindner<\/strong><\/p>\n<p>*Der Titel ist im Original auf Deutsch<br \/>\n<img decoding=\"async\" loading=\"lazy\" src=\"http:\/\/vg08.met.vgwort.de\/na\/76adad67d99d417e8df70b4f0589aaa0\" alt=\"\" width=\"1\" height=\"1\" \/><\/p>\n<p>&nbsp;<\/p>\n<h5>Hanna Hennenkemper::<\/h5>\n<p><a href=\"http:\/\/www.slovokult-literatur.de\/wp-content\/uploads\/2018\/01\/Hanna-Hennenkemper-Sehnsucht.jpg\" target=\"_blank\" rel=\"noopener\"><img decoding=\"async\" loading=\"lazy\" class=\"alignnone wp-image-514 size-full\" src=\"http:\/\/www.slovokult-literatur.de\/wp-content\/uploads\/2018\/01\/Hanna-Hennenkemper-Sehnsucht.jpg\" alt=\"\" width=\"827\" height=\"608\" srcset=\"https:\/\/www.slovokult-literatur.de\/wp-content\/uploads\/2018\/01\/Hanna-Hennenkemper-Sehnsucht.jpg 827w, https:\/\/www.slovokult-literatur.de\/wp-content\/uploads\/2018\/01\/Hanna-Hennenkemper-Sehnsucht-300x221.jpg 300w, https:\/\/www.slovokult-literatur.de\/wp-content\/uploads\/2018\/01\/Hanna-Hennenkemper-Sehnsucht-768x565.jpg 768w, https:\/\/www.slovokult-literatur.de\/wp-content\/uploads\/2018\/01\/Hanna-Hennenkemper-Sehnsucht-400x294.jpg 400w\" sizes=\"(max-width: 827px) 100vw, 827px\" \/><\/a><\/p>\n<h5>Sehnsucht, die sich an unseren K\u00f6rpern entlang unerf\u00fcllt durch die Tage zieht\u2026:: 2013::56 x 76 cm:: Buntstifte auf Papier<\/h5>\n<p>&nbsp;<\/p>\n","protected":false},"excerpt":{"rendered":"<p>Aussage::vs::Ausdruck ::02::Vladimir Luka\u0161::Hanna Hennenkemper Vladimir Luka\u0161 Ein kleines Wiegenlied* Ein Baby ging sich t\u00e4towieren lassen. \u201eIch m\u00f6chte, dass du mir mein ganzes zuk\u00fcnftiges Leben eint\u00e4towierst\u201c, sagte es zum Tattoo-Meister, steckte sich den Schnuller in den Mund und machte es sich [&hellip;]<\/p>\n","protected":false},"author":1,"featured_media":514,"parent":466,"menu_order":0,"comment_status":"closed","ping_status":"closed","template":"","meta":{"footnotes":""},"_links":{"self":[{"href":"https:\/\/www.slovokult-literatur.de\/index.php\/wp-json\/wp\/v2\/pages\/508"}],"collection":[{"href":"https:\/\/www.slovokult-literatur.de\/index.php\/wp-json\/wp\/v2\/pages"}],"about":[{"href":"https:\/\/www.slovokult-literatur.de\/index.php\/wp-json\/wp\/v2\/types\/page"}],"author":[{"embeddable":true,"href":"https:\/\/www.slovokult-literatur.de\/index.php\/wp-json\/wp\/v2\/users\/1"}],"replies":[{"embeddable":true,"href":"https:\/\/www.slovokult-literatur.de\/index.php\/wp-json\/wp\/v2\/comments?post=508"}],"version-history":[{"count":22,"href":"https:\/\/www.slovokult-literatur.de\/index.php\/wp-json\/wp\/v2\/pages\/508\/revisions"}],"predecessor-version":[{"id":546,"href":"https:\/\/www.slovokult-literatur.de\/index.php\/wp-json\/wp\/v2\/pages\/508\/revisions\/546"}],"up":[{"embeddable":true,"href":"https:\/\/www.slovokult-literatur.de\/index.php\/wp-json\/wp\/v2\/pages\/466"}],"wp:featuredmedia":[{"embeddable":true,"href":"https:\/\/www.slovokult-literatur.de\/index.php\/wp-json\/wp\/v2\/media\/514"}],"wp:attachment":[{"href":"https:\/\/www.slovokult-literatur.de\/index.php\/wp-json\/wp\/v2\/media?parent=508"}],"curies":[{"name":"wp","href":"https:\/\/api.w.org\/{rel}","templated":true}]}}