{"id":4584,"date":"2020-11-11T15:14:23","date_gmt":"2020-11-11T14:14:23","guid":{"rendered":"http:\/\/www.slovokult-literatur.de\/?page_id=4584"},"modified":"2020-11-11T15:50:33","modified_gmt":"2020-11-11T14:50:33","slug":"ron-winkler-ivan-ivanovski-poesi-fysik","status":"publish","type":"page","link":"https:\/\/www.slovokult-literatur.de\/index.php\/slovokult-literartour-2020\/inhalte-und-programm\/berlin-2020\/ron-winkler-ivan-ivanovski-poesi-fysik\/","title":{"rendered":":: Berlin 2020 ::"},"content":{"rendered":"<h4><strong>:: SlovoKult :: literARTour :: 2020 <\/strong><strong>::\u00a0<\/strong><strong><a href=\"http:\/\/www.slovokult-literatur.de\/index.php\/slovokult-literartour-2020\/\">Biennale f\u00fcr zeitgen\u00f6ssische K\u00fcnste<sup><span lang=\"EN-US\">2<\/span><\/sup><\/a> ::\u00a0<\/strong><\/h4>\n<h4><a href=\"http:\/\/www.slovokult-literatur.de\/index.php\/slovokult-literartour-2020\/inhalte-und-programm\/berlin-2020\/\">:: Berlin :: 2020 ::<\/a><\/h4>\n<h4>:: Ron Winkler :: alpine St\u00f6rung<\/h4>\n<p><b>Alpine Interference<\/b><\/p>\n<p>excerpt :: translated by\u00a0<b>Lisa Robertson<\/b> with <b>Bradley Schmidt<\/b><\/p>\n<p>you can be a good flake to the raindrop, you can tow<br \/>\nevery valley in your vita. loop the seaweed tefillin<br \/>\naround your hips above the plot plain of the glacial.<br \/>\npromise to call at the territoire of electrons.<\/p>\n<h4><strong>Ivan Ivanovski :: Shivers\u00a0<\/strong><\/h4>\n<p><a href=\"http:\/\/www.slovokult-literatur.de\/wp-content\/uploads\/2020\/11\/Ivan-vanovski-Shivers.png\"><img decoding=\"async\" loading=\"lazy\" class=\"alignnone wp-image-4585 size-medium\" src=\"http:\/\/www.slovokult-literatur.de\/wp-content\/uploads\/2020\/11\/Ivan-vanovski-Shivers-300x285.png\" alt=\"\" width=\"300\" height=\"285\" srcset=\"https:\/\/www.slovokult-literatur.de\/wp-content\/uploads\/2020\/11\/Ivan-vanovski-Shivers-300x285.png 300w, https:\/\/www.slovokult-literatur.de\/wp-content\/uploads\/2020\/11\/Ivan-vanovski-Shivers-768x729.png 768w, https:\/\/www.slovokult-literatur.de\/wp-content\/uploads\/2020\/11\/Ivan-vanovski-Shivers-400x380.png 400w, https:\/\/www.slovokult-literatur.de\/wp-content\/uploads\/2020\/11\/Ivan-vanovski-Shivers.png 947w\" sizes=\"(max-width: 300px) 100vw, 300px\" \/><\/a><\/p>\n<p>&nbsp;<\/p>\n<h4>Sound :: <a href=\"https:\/\/elektroakustischegarage.bandcamp.com\" target=\"_blank\" rel=\"noopener\"><strong>Poesi Fysik\u00a0<\/strong><\/a><\/h4>\n<p><iframe loading=\"lazy\" width=\"640\" height=\"360\" src=\"https:\/\/www.youtube.com\/embed\/Pr644Q2r8HM?feature=oembed\" frameborder=\"0\" allow=\"accelerometer; autoplay; clipboard-write; encrypted-media; gyroscope; picture-in-picture\" allowfullscreen><\/iframe><\/p>\n<p>&nbsp;<\/p>\n<p>&nbsp;<\/p>\n","protected":false},"excerpt":{"rendered":"<p>:: SlovoKult :: literARTour :: 2020 ::\u00a0Biennale f\u00fcr zeitgen\u00f6ssische K\u00fcnste2 ::\u00a0 :: Berlin :: 2020 :: :: Ron Winkler :: alpine St\u00f6rung Alpine Interference excerpt :: translated by\u00a0Lisa Robertson with Bradley Schmidt you can be a good flake to the [&hellip;]<\/p>\n","protected":false},"author":1,"featured_media":4585,"parent":4291,"menu_order":0,"comment_status":"closed","ping_status":"closed","template":"","meta":{"footnotes":""},"_links":{"self":[{"href":"https:\/\/www.slovokult-literatur.de\/index.php\/wp-json\/wp\/v2\/pages\/4584"}],"collection":[{"href":"https:\/\/www.slovokult-literatur.de\/index.php\/wp-json\/wp\/v2\/pages"}],"about":[{"href":"https:\/\/www.slovokult-literatur.de\/index.php\/wp-json\/wp\/v2\/types\/page"}],"author":[{"embeddable":true,"href":"https:\/\/www.slovokult-literatur.de\/index.php\/wp-json\/wp\/v2\/users\/1"}],"replies":[{"embeddable":true,"href":"https:\/\/www.slovokult-literatur.de\/index.php\/wp-json\/wp\/v2\/comments?post=4584"}],"version-history":[{"count":8,"href":"https:\/\/www.slovokult-literatur.de\/index.php\/wp-json\/wp\/v2\/pages\/4584\/revisions"}],"predecessor-version":[{"id":4604,"href":"https:\/\/www.slovokult-literatur.de\/index.php\/wp-json\/wp\/v2\/pages\/4584\/revisions\/4604"}],"up":[{"embeddable":true,"href":"https:\/\/www.slovokult-literatur.de\/index.php\/wp-json\/wp\/v2\/pages\/4291"}],"wp:featuredmedia":[{"embeddable":true,"href":"https:\/\/www.slovokult-literatur.de\/index.php\/wp-json\/wp\/v2\/media\/4585"}],"wp:attachment":[{"href":"https:\/\/www.slovokult-literatur.de\/index.php\/wp-json\/wp\/v2\/media?parent=4584"}],"curies":[{"name":"wp","href":"https:\/\/api.w.org\/{rel}","templated":true}]}}