{"id":4235,"date":"2020-09-16T15:31:53","date_gmt":"2020-09-16T13:31:53","guid":{"rendered":"http:\/\/www.slovokult-literatur.de\/?page_id=4235"},"modified":"2020-12-06T20:08:05","modified_gmt":"2020-12-06T19:08:05","slug":"programm-berlin","status":"publish","type":"page","link":"https:\/\/www.slovokult-literatur.de\/index.php\/slovokult-literartour-2020\/programm-berlin\/","title":{"rendered":":: Programm Berlin ::"},"content":{"rendered":"<p><strong><img decoding=\"async\" loading=\"lazy\" class=\"size-medium wp-image-4506 alignleft\" src=\"http:\/\/www.slovokult-literatur.de\/wp-content\/uploads\/2020\/11\/Plakat_Slovokult-literARTour-212x300.jpg\" alt=\"\" width=\"212\" height=\"300\" srcset=\"https:\/\/www.slovokult-literatur.de\/wp-content\/uploads\/2020\/11\/Plakat_Slovokult-literARTour-212x300.jpg 212w, https:\/\/www.slovokult-literatur.de\/wp-content\/uploads\/2020\/11\/Plakat_Slovokult-literARTour-768x1086.jpg 768w, https:\/\/www.slovokult-literatur.de\/wp-content\/uploads\/2020\/11\/Plakat_Slovokult-literARTour-724x1024.jpg 724w, https:\/\/www.slovokult-literatur.de\/wp-content\/uploads\/2020\/11\/Plakat_Slovokult-literARTour-400x566.jpg 400w\" sizes=\"(max-width: 212px) 100vw, 212px\" \/><a href=\"https:\/\/www.youtube.com\/channel\/UCuXKKj6xe3r4PpVmV0l1lBg\/\" target=\"_blank\" rel=\"noopener\">YOUTUBE :: KANAL\u00a0<\/a><\/strong><\/p>\n<p><strong>:: NEUE DATEN :: UND ZUS\u00c4TZLICHES PROGRAMM ::\u00a0<\/strong><\/p>\n<p><strong>PDF ::\u00a0<a href=\"http:\/\/www.slovokult-literatur.de\/wp-content\/uploads\/2020\/11\/PosterFlyer_Slovokult-literARTour.pdf\">Poster+Flyer_Slovokult-literARTour<\/a><\/strong><\/p>\n<p><strong><a href=\"https:\/\/www.acud-theater.de\" target=\"_blank\" rel=\"noopener\">ACUD-Theater<\/a> :: 21.-23.12.2020<\/strong><\/p>\n<p><a href=\"https:\/\/staalplaat.com\/event\/staalplaat-shop-is-moving\"><strong>STAALPLAAT Berlin<\/strong><\/a> <strong>:: 20.-23.12.2020<\/strong><\/p>\n<p>&nbsp;<\/p>\n<p><strong>Thema :: Plan B f\u00fcr den Planeten X oder Plan X f\u00fcr den Planeten A.<\/strong><\/p>\n<p>K\u00fcnstlerische Leitung: <strong>Elizabeta Lindner<\/strong><\/p>\n<p>Gef\u00f6rdert von:<\/p>\n<p><img decoding=\"async\" loading=\"lazy\" class=\"wp-image-4058 alignleft\" src=\"http:\/\/www.slovokult-literatur.de\/wp-content\/uploads\/2020\/07\/Sen_KuEu_logo_SW_hoch.jpg\" alt=\"\" width=\"244\" height=\"148\" \/><\/p>\n<p>&nbsp;<\/p>\n<p><img decoding=\"async\" loading=\"lazy\" class=\"alignnone size-medium wp-image-1889\" src=\"http:\/\/www.slovokult-literatur.de\/wp-content\/uploads\/2018\/09\/traduki_logo_bw-2.jpg\" alt=\"\" width=\"1\" height=\"1\" \/><img decoding=\"async\" loading=\"lazy\" class=\"alignnone size-medium wp-image-4286\" src=\"http:\/\/www.slovokult-literatur.de\/wp-content\/uploads\/2020\/10\/traduki-logo-full-colour-rgb-300x100.jpg\" alt=\"\" width=\"300\" height=\"100\" srcset=\"https:\/\/www.slovokult-literatur.de\/wp-content\/uploads\/2020\/10\/traduki-logo-full-colour-rgb-300x100.jpg 300w, https:\/\/www.slovokult-literatur.de\/wp-content\/uploads\/2020\/10\/traduki-logo-full-colour-rgb-768x257.jpg 768w, https:\/\/www.slovokult-literatur.de\/wp-content\/uploads\/2020\/10\/traduki-logo-full-colour-rgb-1024x342.jpg 1024w, https:\/\/www.slovokult-literatur.de\/wp-content\/uploads\/2020\/10\/traduki-logo-full-colour-rgb-400x134.jpg 400w, https:\/\/www.slovokult-literatur.de\/wp-content\/uploads\/2020\/10\/traduki-logo-full-colour-rgb.jpg 1484w\" sizes=\"(max-width: 300px) 100vw, 300px\" \/><\/p>\n<p>&nbsp;<\/p>\n<p>Assistenz der Festivalleitung (bis Ende Oktober): <strong>Nadia Crocker\u00a0<\/strong><\/p>\n<p>(ab November) SOON<\/p>\n<p>Filmische Dokumentation: <strong>Peter Zach<\/strong><\/p>\n<p>Plakat- und Flyergestaltung: <strong>Katrin Salentin<\/strong><\/p>\n<p>Mehr Informationen: <strong>www.slovokult-literatur.de<\/strong><\/p>\n<p>Die Veranstaltungen bestehen aus einer <strong>Gruppenausstellung<\/strong>, <strong>Talk<\/strong> mit ausgew\u00e4hlten G\u00e4sten aus verschiedenen Bereichen der unabh\u00e4ngigen zeitgen\u00f6ssischen Kunst und Kultur, <strong>multimediale Lesung\/Textperformance mit live Soundscapes<\/strong> und einem <strong>Abschlusskonzert<\/strong>.<\/p>\n<p>Die Ungewissheit ob alle Teilnehmer:innen aus dem Ausland einreisen k\u00f6nnen ist immer noch unver\u00e4ndert, aber wir werden sicherlich eine entsprechende Pr\u00e4sentation ihrer Werke besorgen.<\/p>\n<p><strong>Spezielle G\u00e4ste<\/strong>: Die Herasugeber:innen von <strong>Prolog &#8211; Heft f\u00fcr Zeichnung und Text, Dorit Trebeljahr und Anton Schwarzbach<\/strong> (Berlin)<\/p>\n<p>Teilnehmende K\u00fcnstler:innen an der Gruppenausstellung: (Berlin) <strong>Anton Schwarzbach, Dorit Trebeljahr, Eike Laeuen, Michaela Strumberger, Elizabeta Kostadinovska<\/strong>, aus K\u00f6ln die mazedonische K\u00fcnstlerin <strong>Irena Paskali<\/strong>, aus Frankreich <strong>Aude Carbone<\/strong>, aus N. Mazedonien <strong>Slavica Jane\u0161lieva, Zvonimir <\/strong><strong>\u017d<\/strong><strong>ernovski, Ivan Ivanovski, Nina Ge\u0161takovska Cvetkovska, Marko Vujisi\u0107 <\/strong>und Kuratorin<strong> Dijana Tomik-Radevska<\/strong>.<\/p>\n<h3>Programm ::<\/h3>\n<h4><strong>Vorstellung der Teilnehmer:innen\u00a0<a href=\"http:\/\/www.slovokult-literatur.de\/index.php\/slovokult-literartour-2020\/inhalte-und-programm\/berlin-2020\/\">Berlin 2020 ::\u00a0<\/a><\/strong><\/h4>\n<h4><strong>20.-23.12:20 :: <a href=\"https:\/\/staalplaat.com\" target=\"_blank\" rel=\"noopener\">STAALPLAAT<\/a>\u00a0<\/strong><\/h4>\n<p><strong>STAALPLAAT :: Berlin\u00a0<\/strong><\/p>\n<p><strong>\u00a0<img decoding=\"async\" loading=\"lazy\" class=\"alignnone size-medium wp-image-4731\" src=\"http:\/\/www.slovokult-literatur.de\/wp-content\/uploads\/2020\/12\/Rahmenprogramm-300x155.png\" alt=\"\" width=\"300\" height=\"155\" srcset=\"https:\/\/www.slovokult-literatur.de\/wp-content\/uploads\/2020\/12\/Rahmenprogramm-300x155.png 300w, https:\/\/www.slovokult-literatur.de\/wp-content\/uploads\/2020\/12\/Rahmenprogramm-400x207.png 400w, https:\/\/www.slovokult-literatur.de\/wp-content\/uploads\/2020\/12\/Rahmenprogramm.png 739w\" sizes=\"(max-width: 300px) 100vw, 300px\" \/><\/strong><\/p>\n<h4><strong><a href=\"https:\/\/www.acud-theater.de\" target=\"_blank\" rel=\"noopener\">ACUD-Theater<\/a><\/strong><\/h4>\n<p><strong>21.12.20 :: <\/strong><\/p>\n<p>18:00 Uhr \u2013 Er\u00f6ffnung der Ausstellung<\/p>\n<p>19:15 Uhr \u2013 Er\u00f6ffnung und Pr\u00e4sentation der Biennale 2020 &#8211; <strong>Elizabeta Lindner<\/strong> &#8211; Vorstellung der Bildenden K\u00fcnstler:innen \u2013 im Anschluss<\/p>\n<p>19:30 Uhr &#8211; Talk mit den speziellen G\u00e4sten der diesj\u00e4hrigen Ausgabe des Festivals: <strong>Dorit Trebeljahr<\/strong> und <strong>Anton Schwarzbach <\/strong>\u00a0(ca. 15 Minuten)<\/p>\n<p>20:00 Uhr \u2013 in drei Blocks mit einer kurzen Pause dazwischen, bis ca. 23:00<\/p>\n<p>kurze Vorstellung der Autoren und multimedia Lesung\/Textperformance mit: <strong>Maroula Blades<\/strong> und <strong>J\u00f6rg Heinrich\u00a0<\/strong>(Berlin, Poesie und Sound), <strong>Josip Kocev<\/strong> (N. Mazedonien &#8211; VIDEO), <strong>Anja K\u00fcmmel <\/strong>(Berlin), <strong>Istok Ul\u010dar<\/strong> (N. Mazedonien), <strong>Faruk<\/strong> <strong>\u0160<\/strong><strong>ehi<\/strong><strong>\u0107<\/strong> (Bosnien), <strong>Marija Grubor<\/strong> (N. Mazedonien &#8211; VIDEO) \u2013 In Memoriam &#8211; <strong>Liljana Dirjan<\/strong>, (+13.12.2017) &#8211;<\/p>\n<p>Soundbegleitung und Konzert: <strong>JD Zazie<\/strong> (Berlin\/Florenz)<\/p>\n<p><strong>22.12..20<\/strong><\/p>\n<p>18:00 Uhr \u2013 Einlass, Ausstellung<\/p>\n<p>19:15 Uhr \u2013 Ausschnitte aus dem Manifest der Biennale 2020 und Vorstellung der Bildenden K\u00fcnstler:innen und der Talkg\u00e4ste<\/p>\n<p>19:30 Uhr &#8211; Talk mit Leiter:innen von besonderen unabh\u00e4ngigen k\u00fcnstlerischen und (sub)kulturellen Einrichtungen und Projekten: <strong>Adeline Mannarini<\/strong> (Anagram Books &amp; Staalplaat, Berlin), <strong>Marija Stojanova<\/strong> (Art Equilibrium &amp; Bosh Festival, N. Mazedonien), <strong>Aude Carbone<\/strong> (EpOx et BoTOx \u00e9ditions, Frankreich),\u00a0<strong>Uwe Moellhusen<\/strong>\u00a0 (ca. 15-20 Minuten)<\/p>\n<p>20:00 Uhr \u2013 in drei Blocks mit kurzen Pausen dazwischen, bis ca. 23:00,<\/p>\n<p>kurze Vorstellung der Autor:innen und multimedia Lesung\/Textperformance mit: <strong>Alexander Graeff<\/strong> (Berlin), <strong>Sanja Mihajlovic-Kostadinovska<\/strong> (N. Mazedonien &#8211; VIDEO), <strong>Ron Winkler<\/strong> (Berlin), <strong>Marija Dejanovi\u0107<\/strong> (Kroatien &#8211; VIDEO), <strong>Gundula Schiffer<\/strong> (K\u00f6ln),\u00a0&#8211; In Memoriam &#8211; <strong>Sean Bonney<\/strong> (+13.11.19) &#8211; Soundbegleitung und Konzert <strong>poesi fysik\u00a0<\/strong>(<strong>Uwe Moellhusen und Wolfgang Nick<\/strong>)<\/p>\n<p><strong>23.12.2020<\/strong><\/p>\n<p>18:00 Uhr \u2013 Einlass, Ausstellung<\/p>\n<p>19:15 Uhr \u2013 Ausschnitte aus dem Manifest der Biennale 2020 und Vorstellung der Bildenden K\u00fcnstler:innen und der Talkg\u00e4ste<\/p>\n<p>19:30 Uhr &#8211; Talk mit ausgew\u00e4hlten Teilnehmer:innen aus allen Kunstsparten: <strong>Ivan Ivanovski,\u00a0Vladimir Luka<\/strong><strong>\u0161<\/strong> und <strong>Michaela Strumberger<\/strong> \u00a0(ca. 15-20 Minuten)<\/p>\n<p>20:00 Uhr \u2013 in drei Blocks mit kurzen Pausen dazwischen, bis ca. 23:00,<\/p>\n<p>kurze Vorstellung der Autor:innen und multimedia Lesung\/Textperformance mit:: <strong>Aleksandar Kirkovski<\/strong> (N. Mazedonien), <strong>Manuela Zlatkova<\/strong> (N. Mazedonien), <strong>Thanos Gogos<\/strong> (Griechenland &#8211; VIDEO),\u00a0<strong>Vladimir Luka\u0161<\/strong> (N. Mazedonien), <strong>Crauss<\/strong> (Siegen), <strong>Elizabeta Kostadinovska<\/strong> (Berlin\/Skopje), &#8211; In Memoriam &#8211; <strong>Gorana Mitrovi\u0107<\/strong> (+06.09.2017)<\/p>\n<p>Soundbegleitung und Konzert: <strong>CNM<\/strong> (<strong>Kathinka<\/strong>)<\/p>\n<p>Special Akt :: <strong>Da Dzaka Nakot<\/strong><\/p>\n<p><iframe loading=\"lazy\" width=\"640\" height=\"360\" src=\"https:\/\/www.youtube.com\/embed\/UbL7nWR5lCY?feature=oembed\" frameborder=\"0\" allow=\"accelerometer; autoplay; clipboard-write; encrypted-media; gyroscope; picture-in-picture\" allowfullscreen><\/iframe><\/p>\n","protected":false},"excerpt":{"rendered":"<p>YOUTUBE :: KANAL\u00a0 :: NEUE DATEN :: UND ZUS\u00c4TZLICHES PROGRAMM ::\u00a0 PDF ::\u00a0Poster+Flyer_Slovokult-literARTour ACUD-Theater :: 21.-23.12.2020 STAALPLAAT Berlin :: 20.-23.12.2020 &nbsp; Thema :: Plan B f\u00fcr den Planeten X oder Plan X f\u00fcr den Planeten A. K\u00fcnstlerische Leitung: Elizabeta Lindner [&hellip;]<\/p>\n","protected":false},"author":1,"featured_media":4506,"parent":4056,"menu_order":0,"comment_status":"closed","ping_status":"closed","template":"","meta":{"footnotes":""},"_links":{"self":[{"href":"https:\/\/www.slovokult-literatur.de\/index.php\/wp-json\/wp\/v2\/pages\/4235"}],"collection":[{"href":"https:\/\/www.slovokult-literatur.de\/index.php\/wp-json\/wp\/v2\/pages"}],"about":[{"href":"https:\/\/www.slovokult-literatur.de\/index.php\/wp-json\/wp\/v2\/types\/page"}],"author":[{"embeddable":true,"href":"https:\/\/www.slovokult-literatur.de\/index.php\/wp-json\/wp\/v2\/users\/1"}],"replies":[{"embeddable":true,"href":"https:\/\/www.slovokult-literatur.de\/index.php\/wp-json\/wp\/v2\/comments?post=4235"}],"version-history":[{"count":65,"href":"https:\/\/www.slovokult-literatur.de\/index.php\/wp-json\/wp\/v2\/pages\/4235\/revisions"}],"predecessor-version":[{"id":4734,"href":"https:\/\/www.slovokult-literatur.de\/index.php\/wp-json\/wp\/v2\/pages\/4235\/revisions\/4734"}],"up":[{"embeddable":true,"href":"https:\/\/www.slovokult-literatur.de\/index.php\/wp-json\/wp\/v2\/pages\/4056"}],"wp:featuredmedia":[{"embeddable":true,"href":"https:\/\/www.slovokult-literatur.de\/index.php\/wp-json\/wp\/v2\/media\/4506"}],"wp:attachment":[{"href":"https:\/\/www.slovokult-literatur.de\/index.php\/wp-json\/wp\/v2\/media?parent=4235"}],"curies":[{"name":"wp","href":"https:\/\/api.w.org\/{rel}","templated":true}]}}