{"id":4202,"date":"2020-08-26T18:52:09","date_gmt":"2020-08-26T16:52:09","guid":{"rendered":"http:\/\/www.slovokult-literatur.de\/?page_id=4202"},"modified":"2020-08-26T19:03:00","modified_gmt":"2020-08-26T17:03:00","slug":"gevgelija-skopje","status":"publish","type":"page","link":"https:\/\/www.slovokult-literatur.de\/index.php\/slovokult-literartour-2020\/english\/content-and-program\/gevgelija-skopje\/","title":{"rendered":":: Gevgelija :: Skopje ::"},"content":{"rendered":"<p><img decoding=\"async\" loading=\"lazy\" class=\" wp-image-4057 alignleft\" src=\"http:\/\/www.slovokult-literatur.de\/wp-content\/uploads\/2020\/07\/Slovokult-literARTour__international-online-238x300.jpg\" alt=\"\" width=\"279\" height=\"352\" srcset=\"https:\/\/www.slovokult-literatur.de\/wp-content\/uploads\/2020\/07\/Slovokult-literARTour__international-online-238x300.jpg 238w, https:\/\/www.slovokult-literatur.de\/wp-content\/uploads\/2020\/07\/Slovokult-literARTour__international-online-768x967.jpg 768w, https:\/\/www.slovokult-literatur.de\/wp-content\/uploads\/2020\/07\/Slovokult-literARTour__international-online-814x1024.jpg 814w, https:\/\/www.slovokult-literatur.de\/wp-content\/uploads\/2020\/07\/Slovokult-literARTour__international-online-400x503.jpg 400w\" sizes=\"(max-width: 279px) 100vw, 279px\" \/><\/p>\n<p class=\"entry-title\">::\u00a0<strong>SlovoKult:: literARTour :: 2020<\/strong> <strong>:: <\/strong><\/p>\n<p class=\"entry-title\"><strong><a href=\"http:\/\/www.slovokult-literatur.de\/index.php\/slovokult-literartour-2020\/english\/\">Biennial of contemporary arts<sup><span lang=\"EN-US\">2<\/span><\/sup><\/a><\/strong>::<\/p>\n<p>organised by<\/p>\n<p><strong><em>SlovoKult :: Literatur Berlin and Art Equilibrium<\/em><\/strong><\/p>\n<p><strong><em>\u00a0<\/em><\/strong>Artistic Direction: <strong>Elizabeta Lindner<\/strong><\/p>\n<p>Direction in Macedonia: <strong>Marija Stojanova, Dijana Tomik Radevska<\/strong><\/p>\n<p>Funded by: <strong>The Ministry of Culture of the Republic of North Macedonia<\/strong><\/p>\n<p>Film Documentation (Skopje): <strong>Boris Kaevski<\/strong><\/p>\n<p><strong>\u00a0<\/strong><\/p>\n<p>Info :: <strong><em><a href=\"http:\/\/www.slovokult.eu\/\">www.slovokult.eu<\/a><\/em><\/strong><\/p>\n<p><strong><em>www.slovokult-literatur.de<\/em><\/strong><\/p>\n<p><strong><em>\u00a0<\/em><\/strong><\/p>\n<p>Program<\/p>\n<p><strong>Gevgelija :: 04.09.20 :: <em>Bosh 12 :: <\/em><\/strong><\/p>\n<p>Exhibition from 20h, Multimedia Reading Performance 22:30h<\/p>\n<p><strong>Skopje :: 07.09.20 :: <em>KIC <\/em>::<\/strong><\/p>\n<p>Exhibition from 18:30h, Multimedia Reading Performance from 20h<\/p>\n<p>&nbsp;<\/p>\n<p>:: <strong><em>Group Exhibition <\/em>:: <\/strong>with works by German artists : <strong>Dorit Trebeljar, Anton Schwarzbach <\/strong>and <strong>Eike Leuen, Aude Carbon <\/strong>(France) and their Macedonian peers <strong>Elizabeta Lindner Kostadinovska <\/strong>(Skopje \/ Berlin), <strong>Irena Paskali <\/strong>(Skope \/ Cologne), <strong>Dijana Tomik Radevska, Slavica Jane\u0161lieva, Ivan Ivanovski, Nina Ge\u0161takovska Cvetkovska, Velimir \u017dernovski <\/strong>and <strong>Marko Vujisi\u0107 <\/strong>\u2013 some will be in-attendance.<\/p>\n<p>&nbsp;<\/p>\n<p>:: <strong><em>Literary Multimedia Performance <\/em><\/strong>(Text\/Image\/Sound) :: with <strong>Vladimir Luka\u0161, Marija Grubor, Jovica Ivanovski, Istok Ul\u010dar, Manuela Zlatkova, Josip Kocev, Aleksandar Kirkovski, Elizabeta Lindner Kostadinovska <\/strong>(Skopje \/ Berlin), <strong>Gundula Schiffer <\/strong>(Germany), <strong>Zvonko Karanovi\u0107 <\/strong>(Serbia) \u2013 <strong><em>Video Presentation <\/em><\/strong>of German poet <strong>Crauss <\/strong>and the editors of the Berlin Journal for Design and Text \u2013 <strong>Prolog :: Dorit Trebeljahr and Anton Schwarzbach, <\/strong>as well as the authors <strong>Thanos Gogos <\/strong>(Greece) and <strong>Marija Dejanovi\u0107 <\/strong>(Croatia), all of whom should be present in person.<\/p>\n<p>&nbsp;<\/p>\n<p>In Skopje, additionally: <strong>Sanja Mihajlovi\u0107-Kostadinovska <\/strong>and <strong><em>Video <\/em><\/strong>from <strong>Vasileia Oikonomou <\/strong>(Greece).<\/p>\n<p><strong><em>\u00a0<\/em><\/strong><\/p>\n<p><strong><em>Audio accompaniment and closing performance <\/em><\/strong><strong>:: Toni Dimitrov<\/strong><\/p>\n<p><strong><em>\u00a0<\/em><\/strong><\/p>\n<p><strong><em>\u00a0<\/em><\/strong><\/p>\n","protected":false},"excerpt":{"rendered":"<p>::\u00a0SlovoKult:: literARTour :: 2020 :: Biennial of contemporary arts2:: organised by SlovoKult :: Literatur Berlin and Art Equilibrium \u00a0Artistic Direction: Elizabeta Lindner Direction in Macedonia: Marija Stojanova, Dijana Tomik Radevska Funded by: The Ministry of Culture of the Republic of [&hellip;]<\/p>\n","protected":false},"author":1,"featured_media":4057,"parent":4117,"menu_order":0,"comment_status":"closed","ping_status":"closed","template":"","meta":{"footnotes":""},"_links":{"self":[{"href":"https:\/\/www.slovokult-literatur.de\/index.php\/wp-json\/wp\/v2\/pages\/4202"}],"collection":[{"href":"https:\/\/www.slovokult-literatur.de\/index.php\/wp-json\/wp\/v2\/pages"}],"about":[{"href":"https:\/\/www.slovokult-literatur.de\/index.php\/wp-json\/wp\/v2\/types\/page"}],"author":[{"embeddable":true,"href":"https:\/\/www.slovokult-literatur.de\/index.php\/wp-json\/wp\/v2\/users\/1"}],"replies":[{"embeddable":true,"href":"https:\/\/www.slovokult-literatur.de\/index.php\/wp-json\/wp\/v2\/comments?post=4202"}],"version-history":[{"count":6,"href":"https:\/\/www.slovokult-literatur.de\/index.php\/wp-json\/wp\/v2\/pages\/4202\/revisions"}],"predecessor-version":[{"id":4209,"href":"https:\/\/www.slovokult-literatur.de\/index.php\/wp-json\/wp\/v2\/pages\/4202\/revisions\/4209"}],"up":[{"embeddable":true,"href":"https:\/\/www.slovokult-literatur.de\/index.php\/wp-json\/wp\/v2\/pages\/4117"}],"wp:featuredmedia":[{"embeddable":true,"href":"https:\/\/www.slovokult-literatur.de\/index.php\/wp-json\/wp\/v2\/media\/4057"}],"wp:attachment":[{"href":"https:\/\/www.slovokult-literatur.de\/index.php\/wp-json\/wp\/v2\/media?parent=4202"}],"curies":[{"name":"wp","href":"https:\/\/api.w.org\/{rel}","templated":true}]}}