{"id":3751,"date":"2020-04-22T18:14:30","date_gmt":"2020-04-22T16:14:30","guid":{"rendered":"http:\/\/www.slovokult-literatur.de\/?page_id=3751"},"modified":"2020-04-23T05:18:24","modified_gmt":"2020-04-23T03:18:24","slug":"3-2","status":"publish","type":"page","link":"https:\/\/www.slovokult-literatur.de\/index.php\/opinion-instead-of-oblivion\/corona-reality-check\/3-2\/","title":{"rendered":":: Corona :: Reality Check :: 2 ::"},"content":{"rendered":"<h4>:: Corona :: Reality Check ::<\/h4>\n<p>zum ::\u00a0<a href=\"http:\/\/www.slovokult-literatur.de\/index.php\/opinion-instead-of-oblivion\/corona-reality-check\/\"><strong>Teil ::1::<\/strong><\/a><\/p>\n<p>::2<strong>:: Unsere Angst ist unsere Ungerechtigkeit ODER Mit neuen Kenntnissen zur gerechteren Gegenwart und zur besseren Zukunft::\u00a0<\/strong><\/p>\n<p>erschien\u00a0<a href=\"http:\/\/www.slovokult.eu\/index.php\/stav-namesto-strav\/corona-reality-check\/2-2\/\" target=\"_blank\" rel=\"noopener\">am 16.04.20 auf mazedonisch<\/a>, hier etwas ver\u00e4ndert und angepasst::<\/p>\n<p>von :: <a href=\"http:\/\/www.slovokult-literatur.de\/index.php\/lyrik\/elizabeta-lindner-kostadinovska\/\"><strong>Elizabeta Lindner<\/strong><\/a><\/p>\n<p><img decoding=\"async\" loading=\"lazy\" class=\"size-medium wp-image-3766 alignleft\" src=\"http:\/\/www.slovokult-literatur.de\/wp-content\/uploads\/2020\/04\/covid-19-4960246_960_720-300x161.jpg\" alt=\"\" width=\"300\" height=\"161\" srcset=\"https:\/\/www.slovokult-literatur.de\/wp-content\/uploads\/2020\/04\/covid-19-4960246_960_720-300x161.jpg 300w, https:\/\/www.slovokult-literatur.de\/wp-content\/uploads\/2020\/04\/covid-19-4960246_960_720-768x413.jpg 768w, https:\/\/www.slovokult-literatur.de\/wp-content\/uploads\/2020\/04\/covid-19-4960246_960_720-400x215.jpg 400w, https:\/\/www.slovokult-literatur.de\/wp-content\/uploads\/2020\/04\/covid-19-4960246_960_720.jpg 960w\" sizes=\"(max-width: 300px) 100vw, 300px\" \/>Wir befinden uns in einem globalen koronialen Chaos und versuchen zu denken. F\u00fcr mich ist es etwas einfacher, denn in Deutschland sind die Ma\u00dfnahmen nicht allzu streng &#8211; ohne Ausgangsperren &#8211; und die Panik und die Angst sind nicht so alarmierend wie in Mazedonien &#8211; und das geht mich an, auch aus der Ferne. Die Art der Information und die Qualit\u00e4t der Information sind katastrophal, ebenso wie die gesamte Situation &#8211; sowohl in Mazedonien als auch in Deutschland und anderswo. Es gibt hier jedoch unabh\u00e4ngige Medien, die versuchen, Informationen bereitzustellen, die f\u00fcr die &#8222;f\u00fchrenden&#8220; Medien schwer zu erreichen sind, da sie nicht mit den Aussagen der Regierungen und ihren Sprechern \u00fcbereinstimmen. Ich werde weder kommentieren, noch werde ich unh\u00f6flich oder pathetisch werden, sondern Ihnen ein paar Sachen von hier, Berlin und Deutschland, erz\u00e4hlen.<\/p>\n<p>Das erste ist, dass Krankenh\u00e4user nicht gen\u00fcgend Schutzausr\u00fcstung f\u00fcr Sanit\u00e4ter, Personal und wahrscheinlich sogar \u00c4rzte haben, was unverh\u00e4ltnism\u00e4\u00dfige Umst\u00e4nde bedeutet, unter denen sie einwandfrei funktionieren m\u00fcssen. Die Menschen sind m\u00fcde und die meisten von ihnen sind infiziert. Einige befinden sich in Quarant\u00e4ne, andere nicht, es kommt darauf an &#8211; und es ist \u00fcberhaupt nicht einfach f\u00fcr sie, aber dennoch wird nicht viel getan, um diese Bedingungen zu verbessern. Es gibt mehr als genug Krankenhausbetten, aber die Personalkapazit\u00e4t ist aus den oben genannten Gr\u00fcnden \u00fcberlastet.<\/p>\n<p>Zweitens, hier einige bessere Nachrichten: Einige St\u00e4dte und Bundesl\u00e4nder haben einen bestimmten Geldbetrag f\u00fcr Selbstst\u00e4ndige, Freiberufler und K\u00fcnstler sowie f\u00fcr kleine und mittlere Unternehmen gezahlt, was zu begr\u00fc\u00dfen ist. Leider waren in St\u00e4dten ohne Corona-Soforthilfen viele Selbstst\u00e4ndige gezwungen, Sozialhilfe zu beantragen, oder wie es hier Hartz IV oder &#8222;Grundsicherung&#8220; hei\u00dft, was sie bald arm und staatlich abh\u00e4ngig machen wird. Die Bedingungen sind im Allgemeinen schwierig, aber die Menschen k\u00f6nnen trotzdem spazieren gehen und Fahrrad fahren und sogar in Parks sitzen &#8211; obwohl dies seit einiger Zeit <img decoding=\"async\" loading=\"lazy\" class=\"size-medium wp-image-3761 alignleft\" src=\"http:\/\/www.slovokult-literatur.de\/wp-content\/uploads\/2020\/04\/91833992_10214788296054109_2901239374677016576_n-300x169.jpg\" alt=\"\" width=\"300\" height=\"169\" srcset=\"https:\/\/www.slovokult-literatur.de\/wp-content\/uploads\/2020\/04\/91833992_10214788296054109_2901239374677016576_n-300x169.jpg 300w, https:\/\/www.slovokult-literatur.de\/wp-content\/uploads\/2020\/04\/91833992_10214788296054109_2901239374677016576_n-400x225.jpg 400w, https:\/\/www.slovokult-literatur.de\/wp-content\/uploads\/2020\/04\/91833992_10214788296054109_2901239374677016576_n.jpg 526w\" sizes=\"(max-width: 300px) 100vw, 300px\" \/>diskutiert und sogar kurz verboten wurde. Mehrere kleinere Proteste wurden auch heftig aufgel\u00f6st &#8211; zuerst gingen sie f\u00fcr die Evakuierung der Fl\u00fcchtlingslager, gegen R\u00e4umung, hohe Mieten, Profite &#8230; :: <strong><a href=\"https:\/\/www.facebook.com\/neuesdeutschland\/videos\/151598332929546\/UzpfSTE1MTY4OTY0MzA6MTAyMjE3NjkyN3NjkyNDUNPOOOOOOOOOOOOOOOOOOOOOOOOOOOOOOOOOGOOOOOOOOOOOOOOOO_NO_WE\" target=\"_blank\" rel=\"noopener\">HIER ein Video<\/a><\/strong> ::\u00a0\u00a0Obwohl sich die Protestierenden an Distanz- und Schutzma\u00dfnahmen hielten, wurden sie festgenommen, was ebenfalls eine illegale Handlung des Staates ist &#8211; aber Kritik von Journalisten, Juristen, \u00c4rzt:innen und anderen Fachleuten war in den Medien pr\u00e4sent, auch in den f\u00fchrenden, und das f\u00fchrte zur Vermeidung weiterer Ungerechtigkeiten.<\/p>\n<p>Denn ::<\/p>\n<p>Es ist ungerecht, nicht an die Wahrheit zu kommen &#8211; durch die Darstellung ALLER bekannten Fakten und der Kritik, es ist ungerecht, die freien B\u00fcrger eines Landes ohne klare und g\u00fcltige Argumente geschlossen (sogar mit Ausgangssperren in manchen L\u00e4ndern) zu halten, es ist ungerecht, das Krankenhauspersonal, \u00e4ltere Menschen und Kranke nicht zu sch\u00fctzen und zu unterst\u00fctzen, Auch Arbeiter, Arme, Obdachlose, Fl\u00fcchtlinge, Freiberufler, K\u00fcnstler, kulturelle, k\u00fcnstlerische und soziale Gemeinschaften (ja, Gemeinschaften, weil wir zusammen dabei sind), die Qualit\u00e4t und besonders vielf\u00e4ltige und unabh\u00e4ngige<br \/>\nProjekte unterst\u00fctzen, die f\u00fcr die Gesellschaft und die Zukunft wichtig sind, die jetzt als erste vernichtet werden\u2026<img decoding=\"async\" loading=\"lazy\" class=\"size-medium wp-image-3780 alignleft\" src=\"http:\/\/www.slovokult-literatur.de\/wp-content\/uploads\/2020\/04\/dont-think-485x416-300x257.jpg\" alt=\"\" width=\"300\" height=\"257\" srcset=\"https:\/\/www.slovokult-literatur.de\/wp-content\/uploads\/2020\/04\/dont-think-485x416-300x257.jpg 300w, https:\/\/www.slovokult-literatur.de\/wp-content\/uploads\/2020\/04\/dont-think-485x416-400x343.jpg 400w, https:\/\/www.slovokult-literatur.de\/wp-content\/uploads\/2020\/04\/dont-think-485x416.jpg 485w\" sizes=\"(max-width: 300px) 100vw, 300px\" \/><\/p>\n<p>Deswegen m\u00fcssen wir jetzt sofort an hochwertige Bildungs- und Kulturprojekte denken. Also keine gezwungene Kultur und Bildung \u00fcber die Bildschirme, sondern Freiheit mit R\u00e4umen f\u00fcr Vielfalt in jeder Hinsicht zu erreichen, Vielfalt mit einem angemessenen Niveau und einer angemessenen Qualit\u00e4t. Es gibt nat\u00fcrlich qualifizierte Fachkr\u00e4fte, die nur Raum und Unterst\u00fctzung brauchen &#8211; sie werden wahrscheinlich danach streben, die Gegenwart zu verbessern, um in die Zukunft zu gelangen. Die K\u00fcnstler:innen und Menschen der (Sub)Kultur machen das ja sowieso auch ohne Corona, aber sie brauchen auch mehr Unterst\u00fctzung. Dank Corona, wissen wir, wo wir stehen und was wir brauchen. Aber es ist immer noch merkw\u00fcrdig still, gibt es keine Fragen?<\/p>\n<p>Journalisten, Intellektuelle, Menschen- und Verfassungsrechtsverteidiger &#8211; wo sind sie? K\u00fcnstler und Schriftsteller chillen, streamen und schaffen Neues, cool. Wie der Witz mit den Omas in Bitola &#8211; er ist un\u00fcbersetzbar, aber so in etwa: Was machste? &#8211; Nichts, was soll ich machen? \u2013 tja, was soll man machen? \u2013 nur dass es auf mazedonisch eine andere Konnotation hat und sehr lustig ist, aber es ist sowas wie: <strong>es ist halt so<\/strong>, aber in einer angenehmeren L\u00e4ssigkeit.<\/p>\n<p>Es tut sich was, streams gesendet, B\u00fccher werden beworben und verkauft, man guckt wie man sein Ding durchzieht, und es gibt Solidarit\u00e4t, Geld wird gespendet, auch ich habe gespendet und werde weiterhin so viel spenden, wie ich kann &#8211; aber man wei\u00df nicht, wie lange das dauern wird. Solidarit\u00e4t hin oder her, auch wenn man will, wird man nichts zu geben haben &#8230; Deshalb ist Kritik lebensnotwendig. Es gibt bereits Stimmen zur Verbesserung der Rechte &#8211; selbst in Mazedonien gibt es eine Initiative zum Schutz der Entrechtet\u00a0en und Schw\u00e4chsten in jeder Hinsicht\u2026 Wir m\u00fcssen diese Initiativen und kritisches Denken unterst\u00fctzen, das anscheinend total gescheitert ist. Au\u00dfer solche coole Linken, die immer noch was zu sagen haben &#8211; das mag ich sehr an Deutschland, diese kritischen Menschen.<img decoding=\"async\" loading=\"lazy\" class=\"size-medium wp-image-3760 alignleft\" src=\"http:\/\/www.slovokult-literatur.de\/wp-content\/uploads\/2020\/04\/91630442_10214788164090810_5587105883424292864_n-300x169.jpg\" alt=\"\" width=\"300\" height=\"169\" srcset=\"https:\/\/www.slovokult-literatur.de\/wp-content\/uploads\/2020\/04\/91630442_10214788164090810_5587105883424292864_n-300x169.jpg 300w, https:\/\/www.slovokult-literatur.de\/wp-content\/uploads\/2020\/04\/91630442_10214788164090810_5587105883424292864_n-400x225.jpg 400w, https:\/\/www.slovokult-literatur.de\/wp-content\/uploads\/2020\/04\/91630442_10214788164090810_5587105883424292864_n.jpg 526w\" sizes=\"(max-width: 300px) 100vw, 300px\" \/><\/p>\n<p>Journalisten und andere, die mehr recherchieren oder kritisieren, sind selten, daher ist es eine gute Idee, AUCH andere Informationsquellen als die \u00fcblichen zu konsultieren. Es ist dennoch genug da, es ist m\u00f6glich die Sachen zu hinterfragen. Viele Sachen haben geholfen, auch :: <a href=\"https:\/\/www.facebook.com\/frieden.rockt\/videos\/369398890614399\/\" target=\"_blank\" rel=\"noopener\">das kritische Interview (Ausschnitt)<\/a> :: Ihre Forschung zeigte, dass beinahe keiner der Verstorbenen direkt an der Viruskrankheit Covid-19 starb, sondern an anderen Krankheiten. Das Virus war nicht dasjenige, das den Tod verursacht oder beschleunigt hat &#8211; im Gegenteil, sie und einige ihrer Kollegen sagen, dass die &#8222;abnormalen&#8220; <img decoding=\"async\" loading=\"lazy\" class=\"size-medium wp-image-3785 alignright\" src=\"http:\/\/www.slovokult-literatur.de\/wp-content\/uploads\/2020\/04\/virus-4973943_960_720-300x193.jpg\" alt=\"\" width=\"300\" height=\"193\" srcset=\"https:\/\/www.slovokult-literatur.de\/wp-content\/uploads\/2020\/04\/virus-4973943_960_720-300x193.jpg 300w, https:\/\/www.slovokult-literatur.de\/wp-content\/uploads\/2020\/04\/virus-4973943_960_720-768x495.jpg 768w, https:\/\/www.slovokult-literatur.de\/wp-content\/uploads\/2020\/04\/virus-4973943_960_720-400x258.jpg 400w, https:\/\/www.slovokult-literatur.de\/wp-content\/uploads\/2020\/04\/virus-4973943_960_720.jpg 960w\" sizes=\"(max-width: 300px) 100vw, 300px\" \/>Bedingungen, unter denen das Virus behandelt wird, die die Arbeit erschweren und noch mehr Verwirrung und unangemessenes und ma\u00dfloses Chaos verursachen und noch weitere Infektionen des Krankenhauspersonals, aufgrund mangelnder Schutzausr\u00fcstung, ungeheuren Druck und gest\u00f6rter Organisation in den Krankenh\u00e4usern selbst, sowie andere Faktoren. Da es verschiedene Patienten gibt, besteht im Krankenhaus eine hohe Infektionswahrscheinlichkeit, obwohl jemand f\u00fcr eine v\u00f6llig andere Krankheit gekommen oder gebracht wurde.<\/p>\n<p><img decoding=\"async\" loading=\"lazy\" class=\"size-medium wp-image-3784 alignleft\" src=\"http:\/\/www.slovokult-literatur.de\/wp-content\/uploads\/2020\/04\/doctor-4968813_960_720-300x169.png\" alt=\"\" width=\"300\" height=\"169\" srcset=\"https:\/\/www.slovokult-literatur.de\/wp-content\/uploads\/2020\/04\/doctor-4968813_960_720-300x169.png 300w, https:\/\/www.slovokult-literatur.de\/wp-content\/uploads\/2020\/04\/doctor-4968813_960_720-768x432.png 768w, https:\/\/www.slovokult-literatur.de\/wp-content\/uploads\/2020\/04\/doctor-4968813_960_720-400x225.png 400w, https:\/\/www.slovokult-literatur.de\/wp-content\/uploads\/2020\/04\/doctor-4968813_960_720.png 960w\" sizes=\"(max-width: 300px) 100vw, 300px\" \/>Es ist falsch, solche chaotischen Bedingungen zu haben und diese Menschen bei der Arbeit zu \u00fcberlasten, weil die allgemeine Situation \u2013 mit dem zunehmende Stress &#8211; zus\u00e4tzliche Schwierigkeiten verursachen. Bewegungseinschr\u00e4nkung und in manchen L\u00e4ndern mit Sperrstunden, basierend auf unverh\u00e4ltnism\u00e4\u00dfigen und nicht \u00fcberpr\u00fcften Zahlen, JA, ich wei\u00df, dass es sich nicht um Zahlen handelt, sondern um Leben, genau wie in Jemen, in Syrien, auf den griechischen Inseln und im Mittelmeer in einem mazedonischen Dorf, in dem es nicht genug medizinische Hilfe auch ohne Corona gibt, Leben, genau wie das meiner Eltern, die im Alter von ca. sechzig (59 und 64) Jahren an Krebs und anderen Krankheiten gestorben sind &#8211; wenn sie zur Zeit von Corona gestorben w\u00e4ren, w\u00fcrden sie wom\u00f6glich als Verstorbene an Covid-19 gelten, aber es war 2007 und 2008, Zeit ohne Korona, aber mit der Wirtschaftskrise.<\/p>\n<p>Also die Statistikzahlen! &#8211; die wichtig sind, um die Gefahr von Krankheit und<img decoding=\"async\" loading=\"lazy\" class=\"alignright wp-image-3762 \" src=\"http:\/\/www.slovokult-literatur.de\/wp-content\/uploads\/2020\/04\/ball-63527_960_720.jpg\" alt=\"\" width=\"461\" height=\"325\" srcset=\"https:\/\/www.slovokult-literatur.de\/wp-content\/uploads\/2020\/04\/ball-63527_960_720.jpg 960w, https:\/\/www.slovokult-literatur.de\/wp-content\/uploads\/2020\/04\/ball-63527_960_720-300x212.jpg 300w, https:\/\/www.slovokult-literatur.de\/wp-content\/uploads\/2020\/04\/ball-63527_960_720-768x542.jpg 768w, https:\/\/www.slovokult-literatur.de\/wp-content\/uploads\/2020\/04\/ball-63527_960_720-400x283.jpg 400w\" sizes=\"(max-width: 461px) 100vw, 461px\" \/> Kapitalismus zu sehen &#8211; wor\u00fcber ich bereits im ersten Teil meiner Auseinandersetzung mit der Coronakrise gesprochen habe &#8211; ist entscheidend, und die Bedeutung der Ursache f\u00fcr den Verlust menschlichen Lebens \u00e4ndert sich &#8211; das Leben, das verl\u00f6scht, ist nicht immer und nur an Covid-19 &#8230; Es wird gestorben, nach wie vor, Menschen sterben und vielleicht w\u00fcrden manche auch gar nicht sterben, wenn es kein Chaos g\u00e4be und wenn die Tests und die Organisation immer rechtzeitig alles gehandhabt k\u00f6nnten. Aber die Bedingungen sind katastrophal, wie sie vor Corona waren, sagen die meisten Krankenhausangestellten, jetzt ist nur eine gr\u00f6\u00dfere Katastrophe, die auch zuvor da war aufgrund unzureichender politischer Unterst\u00fctzung und jetzt auch noch Corona &#8211; aber unverantwortliche Haltung gegen\u00fcber dem Chaos bleibt erhalten und die einfachen Sachen zum Schutz sind nicht vorhanden. M\u00f6gen alle Verstorbenen in Frieden ruhen.<\/p>\n<p>Wir sind jedoch diejenigen, die bleiben und die weiterhin daf\u00fcr verantwortlich sind, was mit uns allen Hinterbliebenen geschehen soll, da die Ungesch\u00fctztheit der Menschen, die das unbedingt brauchen \u2013 alle die gerade \u00fcberarbeitet und \u00fcberfordert sind und trotzdem weitermachen m\u00fcssen, dann die Risikogruppen mit chronischen und Immunerkrankungen und vor allem \u00e4ltere Menschen &#8211; die aufgrund der Ma\u00dfnahmen (und Verbote!) nicht gen\u00fcgend Unterst\u00fctzung erhalten \u2013 viele Faktoren erh\u00f6hen das Risiko aus dem \u00fcbertriebenen Schutz eine noch gr\u00f6\u00dfere Katastrophe einzurichten &#8211; auf dem Balkan mit strengen Ausgangssperren ist es so ungesund und \u00fcbertrifft jede logische Erkl\u00e4rung. Aber sie dulden es, obwohl sie langsam alle durchdrehen.<\/p>\n<p>:: Fortsetzung :: <a href=\"http:\/\/www.slovokult-literatur.de\/index.php\/opinion-instead-of-oblivion\/corona-reality-check\/3-2\/4-2\/\"><strong>Seite :: 2<\/strong> <\/a>::<\/p>\n","protected":false},"excerpt":{"rendered":"<p>:: Corona :: Reality Check :: zum ::\u00a0Teil ::1:: ::2:: Unsere Angst ist unsere Ungerechtigkeit ODER Mit neuen Kenntnissen zur gerechteren Gegenwart und zur besseren Zukunft::\u00a0 erschien\u00a0am 16.04.20 auf mazedonisch, hier etwas ver\u00e4ndert und angepasst:: von :: Elizabeta Lindner Wir [&hellip;]<\/p>\n","protected":false},"author":1,"featured_media":3766,"parent":3639,"menu_order":0,"comment_status":"closed","ping_status":"closed","template":"","meta":{"footnotes":""},"_links":{"self":[{"href":"https:\/\/www.slovokult-literatur.de\/index.php\/wp-json\/wp\/v2\/pages\/3751"}],"collection":[{"href":"https:\/\/www.slovokult-literatur.de\/index.php\/wp-json\/wp\/v2\/pages"}],"about":[{"href":"https:\/\/www.slovokult-literatur.de\/index.php\/wp-json\/wp\/v2\/types\/page"}],"author":[{"embeddable":true,"href":"https:\/\/www.slovokult-literatur.de\/index.php\/wp-json\/wp\/v2\/users\/1"}],"replies":[{"embeddable":true,"href":"https:\/\/www.slovokult-literatur.de\/index.php\/wp-json\/wp\/v2\/comments?post=3751"}],"version-history":[{"count":26,"href":"https:\/\/www.slovokult-literatur.de\/index.php\/wp-json\/wp\/v2\/pages\/3751\/revisions"}],"predecessor-version":[{"id":3830,"href":"https:\/\/www.slovokult-literatur.de\/index.php\/wp-json\/wp\/v2\/pages\/3751\/revisions\/3830"}],"up":[{"embeddable":true,"href":"https:\/\/www.slovokult-literatur.de\/index.php\/wp-json\/wp\/v2\/pages\/3639"}],"wp:featuredmedia":[{"embeddable":true,"href":"https:\/\/www.slovokult-literatur.de\/index.php\/wp-json\/wp\/v2\/media\/3766"}],"wp:attachment":[{"href":"https:\/\/www.slovokult-literatur.de\/index.php\/wp-json\/wp\/v2\/media?parent=3751"}],"curies":[{"name":"wp","href":"https:\/\/api.w.org\/{rel}","templated":true}]}}