{"id":3677,"date":"2020-04-05T02:52:40","date_gmt":"2020-04-05T00:52:40","guid":{"rendered":"http:\/\/www.slovokult-literatur.de\/?page_id=3677"},"modified":"2020-04-23T01:40:48","modified_gmt":"2020-04-22T23:40:48","slug":"2-2","status":"publish","type":"page","link":"https:\/\/www.slovokult-literatur.de\/index.php\/opinion-instead-of-oblivion\/corona-reality-check\/2-2\/","title":{"rendered":":: Corona :: Reality Check ::1:: Teil 2 ::"},"content":{"rendered":"<p><strong>die tats\u00e4chliche Gefahr<\/strong>: Die Folgen der Krankheit und die Sterblichkeit \u2013 bei welcher Gruppe von Patienten usw. Testen w\u00e4re sinnvoll, wenn ALLE B\u00dcRGER eines Landes gleichzeitig getestet und die Positivgetesteten in sofortige Isolation gesteckt w\u00fcrden &#8230; Aber das geschieht nat\u00fcrlich nirgendwo, da das Testen (wie eben in Deutschland) Geld kostet &#8211; von 120 bis 250 Euro, wenn Sie schwerwiegende Symptome und ernsthafte gesundheitliche Probleme haben oder in einem der Risikol\u00e4nder waren, \u00fcbernimmt das die Krankenkasse, wenn Sie es doch auf eigner Hand tun m\u00f6chten, zahlen Sie es selbst (wenn man \u00fcberhaupt einen Termin kriegt). Abgesehen von der Ungenauigkeit des Testes, weswegen bis zu drei Tests &#8211; wie bei Frau Angela Merkel &#8211; notwendig sind, um sichere Ergebnisse zu haben. Testen ist also so gesehen nicht nur ein Fiasko, sondern eher ein statistischer und medialer Zirkus Corona, der nebenbei auch Profite bringt.<\/p>\n<p>Ein Virus ist gef\u00e4hrlich wegen der Folgen f\u00fcr den erkrankten Organismus und der Sterblichkeit, die es bei allen, oder wie in diesem Fall, bei einer Hochrisikogruppe von Patienten verursacht. Um dies zu wissen, muss man kein Arzt sein, man muss nur logisch denken &#8211; aber leider werden diese beiden deutlichen Indikatoren f\u00fcr die Gefahr des Coronavirus &#8211; bewusst oder unbewusst &#8211; weggelassen. Es gibt Informationen \u00fcber Millionen von Infizierten, tausenden Toten in Italien und Spanien, aber NICHTS \u00fcber die tats\u00e4chliche Gefahr: Der Verlauf der Krankheit bei den Patienten(gruppen), die Behandlung, die Heilung, die Sterblichkeit \u2013 meistens in Kombination mit anderen Krankheiten und Vorerkrankungen (die derzeit in den Statistiken gar keine Rolle spielen) \u00a0der Verstorbenen &#8211; von denen die meisten bekannterma\u00dfen auch ohne das Coronavirus gestorben w\u00e4ren! &#8211; aber sobald Covid 19 festgestellt wird, wird, unabh\u00e4ngig von allen anderen Krankheiten, dies als die offizielle Todesursache genommen. Also eine sehr einfache Mathematik, man kann es verstehen, wenn man es will. Aber leider sind die Meisten mit dem Verpetzen der &#8222;Ungehorsamen&#8220; besch\u00e4ftigt, in ihrem hysterischen Zustand der Angst vor dem Unbekannten.<\/p>\n<p><img decoding=\"async\" loading=\"lazy\" class=\"size-medium wp-image-3673 alignleft\" src=\"http:\/\/www.slovokult-literatur.de\/wp-content\/uploads\/2020\/04\/coronamaske-277x300.png\" alt=\"\" width=\"277\" height=\"300\" srcset=\"https:\/\/www.slovokult-literatur.de\/wp-content\/uploads\/2020\/04\/coronamaske-277x300.png 277w, https:\/\/www.slovokult-literatur.de\/wp-content\/uploads\/2020\/04\/coronamaske-400x433.png 400w, https:\/\/www.slovokult-literatur.de\/wp-content\/uploads\/2020\/04\/coronamaske.png 584w\" sizes=\"(max-width: 277px) 100vw, 277px\" \/>Unter diesen Bedingungen wird das Denken unm\u00f6glich, diese F\u00e4higkeit wird durch Angst unterdr\u00fcckt, es ist einfacher und bequemer, man muss sich nicht anstrengen, es gibt Personen, die ihm sagen, was und wie er es machen soll, es m\u00fcssen noch die &#8222;geeigneten Ma\u00dfnahmen&#8220; gefunden werden und alles wird gut. Und diese geeigneten Ma\u00dfnahmen werden nat\u00fcrlich dem Staat \u00fcberlassen. Zuerst sagt er &#8222;H\u00e4nde waschen, niesen und husten im Ellbogen, Augen, Nase, Mund nicht ber\u00fchren&#8220; und dann &#8222;Zuhause bleiben&#8220;, dann \u201eQuarant\u00e4ne, Isolation&#8220;, dann macht alles dicht, zuerst kulturelle Einrichtungen, Clubs, Caf\u00e9s, dann kleine Unternehmen usw. mittelgro\u00df, gro\u00df &#8230; Aber es bleibt noch etwas offen, damit das Leben nicht g\u00e4nzlich verschwindet. Und das Leben verschwindet nicht ganz, aber es \u00e4ndert sich, und das spiegelt sich im Toilettenpapier und anderen Lieblingsprodukten, Seife, Mehl, Hefe wider &#8230; Menschen sind soziale Wesen, sie brauchen Gesellschaft, manche weniger, manche mehr, wir sind alle verschieden. Aber wie eh und je m\u00f6chte der Staat, dass wir alle gleich, identisch, uniformiert sind &#8230; Aber das geht nicht. Deshalb fangen manche an, ihre Mitmenschen zu beleidigen und anzugreifen, weil sie in Gruppen unterwegs sind, \u201eCorona-Party feiern\u201c, keinen Abstand halten, weil sie nicht diszipliniert sind \u2013 also \u201eGLEICH wie die Italiener\u201c, die \u201eselbst schuld sind\u201c f\u00fcr alles was ihnen passiert. &#8222;Dasselbe wird uns auch passieren\u201c- denken sie sich, was bedeutet, dass die Gleichstellung bereits da ist, und mit diesem Verhalten &#8211; ob bewusst oder unbewusst &#8211; dienen die Menschen dem Staat, sie werden seine Ordnungsh\u00fcter, eigentlich genau das, was der Staat von ihnen erwartet: sich wieder in \u201ewir und sie\u201c zu teilen\u2026 dieses Mal anhand eines Virus\u2019 und die\u00a0(In-)Disziplin in Bezug darauf. Weil unsere Angst (wie Sie bereits wissen!) Ihre Macht ist und wir es nicht anders k\u00f6nnen, au\u00dfer sie ihnen zu geben.<\/p>\n<p>W\u00e4re es nicht eine viel vern\u00fcnftigere L\u00f6sung f\u00fcr alle, die Alten und die Schwachen besser zu sch\u00fctzen?* Die sogenannte Risikogruppe insbesondere zu sch\u00fctzen, was nicht bedeutet, dass Hygiene- und die Grundschutzma\u00dfnahmen abzuschaffen, aber das \u201ezuhause bleiben\u201c eben gezielt anders organisieren und sich besonders um diese Gruppe k\u00fcmmern? Nein. Der Staat wollte, dass ALLE Teil dieses strengen Ma\u00dfnahmenprogramms sind, und wie? Als w\u00e4ren wir als Menschen alle gleich und alle die gleichen Dinge t\u00e4ten? Sogar Roboter k\u00f6nnen unterschiedlich sein, obwohl sie gleich programmiert sind, sogar Hunde, Katzen, M\u00e4use und alle Tiere haben unterschiedliche Charaktere. Und wie sollen wir alle auf einmal gleich sein? Wozu?<\/p>\n<p>Damit es nicht funktioniert?<\/p>\n<p><img decoding=\"async\" loading=\"lazy\" class=\"size-medium wp-image-3675 alignleft\" src=\"http:\/\/www.slovokult-literatur.de\/wp-content\/uploads\/2020\/04\/printable-zombie-quarantine-sign-240x300.jpg\" alt=\"\" width=\"240\" height=\"300\" srcset=\"https:\/\/www.slovokult-literatur.de\/wp-content\/uploads\/2020\/04\/printable-zombie-quarantine-sign-240x300.jpg 240w, https:\/\/www.slovokult-literatur.de\/wp-content\/uploads\/2020\/04\/printable-zombie-quarantine-sign-400x500.jpg 400w, https:\/\/www.slovokult-literatur.de\/wp-content\/uploads\/2020\/04\/printable-zombie-quarantine-sign.jpg 500w\" sizes=\"(max-width: 240px) 100vw, 240px\" \/>Und letzte Frage: Ist die Virusbedrohung wirklich gerechtfertigt? Oder ist einzig die Angst derjenigen, die ausreichend begr\u00fcndet wird und bei denen, die zur Gruppe der Akademiker, Hochgebildeten, Denker, K\u00fcnstler:innen usw. geh\u00f6ren, st\u00e4rker, w\u00e4hrend bei den &#8222;Analphabeten&#8220;, &#8222;einfachen&#8220;, &#8222;jungen&#8220;, &#8222;Teenagern&#8220; sie gar nicht verst\u00e4rkt ist, sie &#8222;h\u00e4ngen rum ohne Abstand\u201c und &#8222;gef\u00e4hrden alle anderen&#8220; mit einer unklaren Gefahr? Ich denke nicht, dass es in Ordnung ist, Dinge \u201eaus Trotz\u201c zu tun oder eben den &#8222;ungehorsamen B\u00fcrger&#8220; Disziplinlosigkeit vorzuwerfen, wenn sie eben anders sind und ihre sozialen und pers\u00f6nlichen Instinkte so funktionieren, denken wir, wir werden diese Menschen &#8222;umerziehen&#8220;? Sie zuerst auslachen? Dann ihnen drohen mit Pr\u00fcgel? Geldstrafe, Gef\u00e4ngnis, Kugel? &#8211; Also nicht weit von der Realit\u00e4t entfernt, das sind die n\u00e4chsten Schritte. &#8222;Denn sonst werden wir alle sterben.&#8220; Nein, wir werden mit Sicherheit nicht sterben, da es logische Erkl\u00e4rungen f\u00fcr die Gefahr dieses Virus\u2019 gibt, das nicht so t\u00f6dlich (apokalyptischer Reiter) ist, wie die Medien es &#8222;im unverantwortlichen Italien&#8220; (Spanien, bald New York) pr\u00e4sentieren wollen.<\/p>\n<p>Deshalb ist es klar: <strong>Vorsichtsma\u00dfnahmen und zweiw\u00f6chige Quarant\u00e4ne, JA! Totalitarismus und Diktatur, NEIN!<\/strong><\/p>\n<p>Wenn Sie mich fragen, aber auch wenn nicht, werde ich es Ihnen sagen, ich finde einige dieser &#8222;ungehorsamen und undisziplinierten Menschen&#8220; sympathischer als viele, die verpetzen, mit dem Finger auf andere zeigen, beleidigen und herabsetzen oder belehren. Weil ich denke, da ihr Gehirn weniger gewaschen ist, vertrauen sie dem Staat intuitiv nicht, der in diesem Fall weder genug Argumente hat, um sie alle zu Hause zu halten, noch kann er entsprechende Argumente vorbringen. Dennoch ist die Mehrheit \u00fcberzeugt von diesen Pr\u00e4sentationen, aber wie und warum bleibt es f\u00fcr mich immer noch unklar.<\/p>\n<p>Sowohl in Mazedonien als auch in Deutschland ist die Sterblichkeit an Covid-19 ziemlich gering, man k\u00f6nnte schon einzelne F\u00e4lle sagen. \u00dcber die \u00dcbermittlung der Zahlen der Infizierten und diese Kurven, die wir gl\u00e4tten sollten, werde ich nichts mehr sagen\u2026 Die Zahlen sprechen f\u00fcr sich. Trotz des \u201eMangels\u201c an Todesf\u00e4llen und an Informationen aus der Intensivstation, ist die Angst immer noch tief verankert. Praktisch jeder hat Angst und geht gegen den &#8222;imagin\u00e4ren Feind&#8220; vor, weil es keinen wirklichen Feind gibt. Aber leider verbreitet dieser imagin\u00e4re Feind die Statistiken und \u201eklebt\u201c an den oben genannten Personen, von denen ich nicht sage, dass ich sie vollst\u00e4ndig rechtfertige, aber sie immer noch verstehe \u2013 aber dennoch sind sie als potenzielle Tr\u00e4ger des imagin\u00e4ren Feindes, des Virus, diejenigen, die Emp\u00f6rung, Hass und Wut bei den \u201eBewussten und Gewissenhaften\u201c wecken, so dass diese sogar anfangen, noch strengere Schutzma\u00dfnahmen zu fordern, und dann sogar die Diktatur als das beste Ma\u00df f\u00fcr den Umgang mit der Situation herbeirufen. Weil &#8211; und hier ist wieder das Paradoxon &#8211; (das immer totalit\u00e4r gewesenes) China und Italien &#8211; beide! auf diese Weise erfolgreich mit der Krise umgehen.<\/p>\n<p>Sind jemandem \u00fcberhaupt diese Vergleiche und die Dimensionen der Katastrophe bewusst, die auf uns zukommen und bald unsere Zukunft infrage stellen? Ist jemandem \u00fcberhaupt klar, dass es nicht das Coronavirus, das nicht der bef\u00fcrchtete \u201eKiller\u201c ist, unsere Zukunft vernichtet und uns unter totale Kontrolle stellt, sondern seine Bek\u00e4mpfer?<\/p>\n<p><img decoding=\"async\" loading=\"lazy\" class=\"size-medium wp-image-3685 alignleft\" src=\"http:\/\/www.slovokult-literatur.de\/wp-content\/uploads\/2020\/04\/istockphoto-494162934-170667a-300x200.jpg\" alt=\"\" width=\"300\" height=\"200\" srcset=\"https:\/\/www.slovokult-literatur.de\/wp-content\/uploads\/2020\/04\/istockphoto-494162934-170667a-300x200.jpg 300w, https:\/\/www.slovokult-literatur.de\/wp-content\/uploads\/2020\/04\/istockphoto-494162934-170667a-400x266.jpg 400w, https:\/\/www.slovokult-literatur.de\/wp-content\/uploads\/2020\/04\/istockphoto-494162934-170667a.jpg 509w\" sizes=\"(max-width: 300px) 100vw, 300px\" \/><\/p>\n<p>Es ist an der Zeit \u00fcber den wirklichen Feind nachzudenken, denn wenn Sie dies zulassen, sind Sie der\/diejenige, der diesmal &#8222;Davidssterne&#8220; verteilt und das Gebiet mit einem anderen Zeichen anstelle eines Hackenkreuzes markiert. SIE sind diejenigen, die sich unbewusst, mit dem Wunsch, sich vor dem &#8222;imagin\u00e4ren Feind&#8220; zu sch\u00fctzen, genau das verursachen werden, wovor uns bis heute noch der Atem stockt: den Faschismus.<\/p>\n<p>Glauben SIE, das sind Sie nicht? Nein, nein, nicht SIE? SIE machen alles richtig, aber &#8222;diese anderen&#8220; sind schuld, sie sind undiszipliniert, dies und jenes, anders, Feinde! und ihretwegen brauchen SIE h\u00e4rtere Ma\u00dfnahmen &#8230; Okay, aber vergessen Sie nicht, dass die h\u00e4rteren Ma\u00dfnahmen dann f\u00fcr UNS alle gelten und dass auch wenn die Korona nicht mehr da ist, wird bereits der n\u00e4chste Wahnsinn mit der Wirtschaftskrise ankommen und wenn Sie sich f\u00fcr Mehl, Hefe und Toilettenpapier pr\u00fcgeln, wird es einen Zustand der Verzweiflung, der Armut, des Hasses und der Depression geben, einen Zustand des Abnormalismus. Und Ihre Kinder werden Ihnen niemals verzeihen, so wie sie es auch den Eltern vom Zweiten Weltkrieg nicht verziehen haben, im Gegenteil, selbst Enkelkinder m\u00fcssen bis heute diese Familienkomplexe ausheilen \u2013 es ist noch nicht vorbei &#8211; und die n\u00e4chste Krise kommt und wahrscheinlich die n\u00e4chste Generation, die einem anderen totalit\u00e4ren System ausgesetzt wird, dank der Leichtfertigkeit, der Angst und der Konformit\u00e4t der Eltern und Mitb\u00fcrger, die weder etwas aus der Geschichte lernen, noch ihre Wiederholung verhindern wollen; im Gegenteil, die Zeit ist gekommen, wenn die B\u00fcrger der demokratischen L\u00e4nder der\u00a0<img decoding=\"async\" loading=\"lazy\" class=\"size-medium wp-image-3684 alignleft\" src=\"http:\/\/www.slovokult-literatur.de\/wp-content\/uploads\/2020\/04\/apocaplaspe-213x300.png\" alt=\"\" width=\"213\" height=\"300\" srcset=\"https:\/\/www.slovokult-literatur.de\/wp-content\/uploads\/2020\/04\/apocaplaspe-213x300.png 213w, https:\/\/www.slovokult-literatur.de\/wp-content\/uploads\/2020\/04\/apocaplaspe-768x1084.png 768w, https:\/\/www.slovokult-literatur.de\/wp-content\/uploads\/2020\/04\/apocaplaspe-726x1024.png 726w, https:\/\/www.slovokult-literatur.de\/wp-content\/uploads\/2020\/04\/apocaplaspe-400x564.png 400w, https:\/\/www.slovokult-literatur.de\/wp-content\/uploads\/2020\/04\/apocaplaspe.png 873w\" sizes=\"(max-width: 213px) 100vw, 213px\" \/>Diktatur applaudieren und sie begr\u00fc\u00dfen, denn sie wird &#8211; wie immer &#8211; mit ihrer festen Hand &#8211; sie vor dem unbekannten Feind sch\u00fctzen und sie aufeinander losschicken &#8211; w\u00e4hrend ihre Politik sich sofort dem Triumph wenden wird &#8211; und mit neuen Unternehmungen zu neuen Gewinnen und Projekten weitermachen, die f\u00fcr den pers\u00f6nlichen Gebrauch in Zusammenarbeit mit den Konzernen und dem ber\u00fchmten 1% gemeint sind. Und wir alle werden wie immer die gro\u00dfen Verlierer sein &#8230; Aber vielleicht ist jetzt unsere Chance, endlich NEIN zu sagen und die Angst und den Idiotismus und all die anderen \u2013ismen hinter uns zu lassen, die, wie wir bereits gelernt haben sollten, nicht f\u00fcr die Zukunft geeignet sind &#8211; und f\u00fcr die Gegenwart nach angemesseneren Ma\u00dfnahmen gegen die Pest suchen, die transparent, nachvollziehbar und im Einklang mit dem gesunden Menschenverstand und den Menschenrechten stehen \u2013 weil bereits mehrere angesehene \u00c4rzte sehr deutlich gesagt haben, dass diese totalit\u00e4ren Ma\u00dfnahmen \u00dcERTRIEBEN und UNN\u00d6TIG sind \u2013 und vor einer Frivolit\u00e4t der Politiker gewarnt haben. Und leider, sehen wir das alles\u2026 aber nur ganz wenige melden sich zum kritischen Wort, weil die Andersdenkenden von den \u201ef\u00fchrenden\u201c (wortw\u00f6rtlich) Medien sofort als Verschw\u00f6rungstheoretiker:innen abgetan werden. Deswegen als Abschluss passt ganz gut Rosa Luxemburgs* Spruch: Freiheit ist immer die Freiheit der Andersdenkenden.<\/p>\n<p>Denken Sie daran und denken Sie einfach anders als Ihnen die Medien sagen. Hinterfragen.<\/p>\n<p><img decoding=\"async\" loading=\"lazy\" src=\"http:\/\/vg08.met.vgwort.de\/na\/b68371cd4615469ebe9bcba0ca0f0f2f\" alt=\"\" width=\"1\" height=\"1\" \/>* Ich bitte um Entschuldigung, dass ich Hanna Arendt diese Worte zugeschrieben habe &#8211; es sind unglaubliche Automatismen manchmal&#8230; im Chaos.<\/p>\n<p><b>Links\u00a0<\/b>zu wichtigen Texten und Videos, die meine Gedanken unterst\u00fctzen (<strong>werden immer mehr erweitert<\/strong>) ::<\/p>\n<p>:: Prof. Dr. med. Pietro Vernazza ::\u00a0<strong><a href=\"https:\/\/infekt.ch\/2020\/03\/neues-verstaendnis-der-covid-19-epidemie\/\" target=\"_blank\" rel=\"noopener\">Vielleicht 90% von Coronainfektionen unbemerkt!<\/a><\/strong><\/p>\n<p>:: Interview mit dem\u00a0<a href=\"https:\/\/www.faz.net\/aktuell\/gesellschaft\/gesundheit\/coronavirus\/neue-corona-symptome-entdeckt-virologe-hendrik-streeck-zum-virus-16681450.html\" target=\"_blank\" rel=\"noopener\"><strong>VIROLOGEN HENDRIK STREECK\u00a0<\/strong><\/a><\/p>\n<p>::\u00a0<a href=\"https:\/\/itself.blog\/2020\/03\/17\/giorgio-agamben-clarifications\/\" target=\"_blank\" rel=\"noopener\"><strong>Giorgio Agamben: \u201cClarifications\u201d<\/strong><\/a><\/p>\n<p>::\u00dcber die &#8222;Logik&#8220; der &#8222;Scheinzahlen&#8220; f\u00fcr die Statistik :: <a href=\"https:\/\/www.nachdenkseiten.de\/?p=59903Schluss&amp;fbclid=IwAR3KhKslwYm8nrzYzry6H_CvyB-jxCwrOOFjOB6UEbr-6Nr8wDbqExWe9zI\" target=\"_blank\" rel=\"noopener\">Schluss mit Irref\u00fchrung: \u201eWir brauchen harte, gesicherte Fakten statt nur scheinbar objektive\u201c.<\/a><\/p>\n<p>::\u00a0<a href=\"https:\/\/www.youtube.com\/watch?v=LsExPrHCHbw&amp;feature=youtu.be&amp;fbclid=IwAR3sj556-nnqKzj_86jrITqGPWh-brB6ebVNcQBZVeKC9mKJntYjtI1lWV0\" target=\"_blank\" rel=\"noopener\"><strong>Offener Brief an die Bundeskanzlerin von Prof. Sucharit Bhakdi <\/strong><\/a><\/p>\n<ul>\n<li>und auch <a href=\"https:\/\/www.youtube.com\/watch?v=JaTJyKVVnyo\" target=\"_blank\" rel=\"noopener\"><strong>dieses kurze Video<\/strong> <\/a>:: Fragen stellen!<\/li>\n<\/ul>\n<p>:: \u00dcber die \u00dcberwachung und die totale Kontrolle ::\u00a0<a href=\"https:\/\/www.ft.com\/content\/19d90308-6858-11ea-a3c9-1fe6fedcca75?fbclid=IwAR2UQCoEJHaZ0F7dWlvD9wt22vdrvS9vz1Qzx6FXXeq9pl980kfrPc2DWuk\" target=\"_blank\" rel=\"noopener\"><strong><span class=\"article-classifier__gap\">Yuval Noah Harari: the world after coronavirus<\/span><\/strong><\/a><\/p>\n<p>:: <a href=\"https:\/\/swprs.org\/a-swiss-doctor-on-covid-19\/\" target=\"_blank\" rel=\"noopener\">Daten \u00fcber die Sterblichkeit :: Alter, Vorerkrangungen&#8230; in Italien ::<\/a><\/p>\n<p>:: Die Fehler, die der italienische Staat gemacht hat :: <a href=\"https:\/\/www.youtube.com\/watch?time_continue=8&amp;v=gaUVwZrlC34&amp;feature=emb_logo&amp;fbclid=IwAR0GlagSixZnZG78TmNlq9Abm_6Uoeubc9HNimBYDQE3PIbhZ8DqKTJPSFQ\" target=\"_blank\" rel=\"noopener\"><strong>Der Arzt\u00a0Vittorio Agnoletto.<\/strong><\/a><\/p>\n<p>:: Kritische Texte <a href=\"https:\/\/off-guardian.org\/?__cf_chl_jschl_tk__=d87b8ab75ceed82c27eba794883b2e71b26bca23-1585405766-0-AUWfMdtLhIclkIob163UNHyNFI7-uSjBY-uYc35yi3gMtyshAGR82PYPKy_Uq2XjAhoV36Z-ctGhH4x8hLLiqpbFyWKr_ToPyXg1Xt-SXlFd1xMv5kCQTGYWK6xekw4pohwGsWyCDt56LfQfVYWLAovuUUm5OafR53ZSmN0nuAPro6Wp3nAxzrGuUZeyprMr_mnRRoNNR9am00cX6O2mPHM83v1tv7vtckdw-sqtAoZ1xHAyWQpkxaGY9PfHZ6jYtLwHY68XDoijaZzfKefZ4aE\" target=\"_blank\" rel=\"noopener\"><strong>@OffGuardian<\/strong><\/a><\/p>\n<p>::\u00a0Es bestehe Gefahr f\u00fcr die liberale Demokratie, sollten die Eingriffe in die Grundrechte wegen Corona sich noch lange hinziehen. Die Regierung m\u00fcsse immer wieder pr\u00fcfen, ob Ma\u00dfnahmen aufgehoben werden k\u00f6nnten. :: \u00a0<strong><a href=\"https:\/\/www.faz.net\/aktuell\/politik\/inland\/corona-ex-verfassungsrichter-papier-sorgt-sich-um-grundrechte-16708118.html?utm_content=buffer93e98&amp;utm_medium=social&amp;utm_source=facebook.com&amp;utm_campaign=GEPC%253Ds6&amp;fbclid=IwAR197lzLS27E0LQOQQuwlnscet1Qlfd7CBRdCeuLk1MjDsxg6PL47KaA6ss\" target=\"_blank\" rel=\"noopener\"><span class=\"atc-TextFirstLetter\">D<\/span>er fr\u00fchere Pr\u00e4sident des Bundesverfassungsgerichts, Hans-J\u00fcrgen Papier, hat vor schweren Sch\u00e4den f\u00fcr die Grundrechte gewarnt, sollten die Restriktionen in der Corona-Krise lange andauern.<\/a><\/strong><\/p>\n<p>:: \u00dcber die europ\u00e4ische &#8222;Solidarit\u00e4t&#8220; ::\u00a0<a href=\"https:\/\/www.nachdenkseiten.de\/?p=59988&amp;fbclid=IwAR00BITKaDH6_ugyT1lyYOF7w1e2yOuuJpxtf3BMOT_9tmynyVCfOwc_GZo\" target=\"_blank\" rel=\"noopener\"><strong>Das \u201egemeinsame Europa\u201c stirbt \u2013 wo bleiben eigentlich die leidenschaftlichen Pro-Europ\u00e4er in Zeit der Krise?<\/strong><\/a><\/p>\n<p>:: Es ist gut, diese Zeit f\u00fcr gro\u00dfe Zukunftspl\u00e4ne zu benutzen:: <a href=\"https:\/\/www.neues-deutschland.de\/artikel\/1135197.coronavirus-die-normalitaet-ist-die-krise.html?fbclid=IwAR2vcg9NsiHPtfbuyD7yarWTF0qLg4HdBu4j7IwPnpc79VsQXFat8A7iGAE\" target=\"_blank\" rel=\"noopener\"><strong>Denn die Normalit\u00e4t ist die Krise ::\u00a0In einer Krise hat die Bev\u00f6lkerung viel zu verlieren. Nicht zuletzt einige hart erk\u00e4mpfte demokratische Rechte. Die Coronakrise ist aber auch eine Chance auf Ver\u00e4nderung. Das meint zumindest Naomi Klein.\u00a0<\/strong><\/a><\/p>\n<p>::\u00a0<strong><a href=\"https:\/\/www.youtube.com\/watch?v=IFqNAEx1lm4\" target=\"_blank\" rel=\"noopener\">\u201cCoronavirus Capitalism\u201d: Naomi Klein\u2019s Case for Transformative Change Amid Coronavirus Pandemic<\/a> <\/strong>::<\/p>\n<p>::\u00a0Wir brauchen ein Parlament der planetarischen K\u00f6rper, ein Parlament, das sich nicht \u00fcber identit\u00e4tspolitische oder nationale Kategorien definiert, ein Parlament der (verwundbaren) K\u00f6rper, die auf dem Planeten Erde leben. Das Ereignis Covid-19 mit all seinen Konsequenzen ruft uns dazu auf, ein f\u00fcr alle Mal die Gewalt hinter uns zu lassen, \u00fcber die wir unsere soziale Immunit\u00e4t bislang definiert haben. <a href=\"https:\/\/www.hebbel-am-ufer.de\/hau3000\/vom-virus-lernen\/\" target=\"_blank\" rel=\"noopener\"><strong>&#8222;Vom Virus lernen&#8220; von\u00a0Paul B. Preciado<\/strong><\/a><\/p>\n","protected":false},"excerpt":{"rendered":"<p>die tats\u00e4chliche Gefahr: Die Folgen der Krankheit und die Sterblichkeit \u2013 bei welcher Gruppe von Patienten usw. Testen w\u00e4re sinnvoll, wenn ALLE B\u00dcRGER eines Landes gleichzeitig getestet und die Positivgetesteten in sofortige Isolation gesteckt w\u00fcrden &#8230; Aber das geschieht nat\u00fcrlich [&hellip;]<\/p>\n","protected":false},"author":1,"featured_media":3674,"parent":3639,"menu_order":0,"comment_status":"closed","ping_status":"closed","template":"","meta":{"footnotes":""},"_links":{"self":[{"href":"https:\/\/www.slovokult-literatur.de\/index.php\/wp-json\/wp\/v2\/pages\/3677"}],"collection":[{"href":"https:\/\/www.slovokult-literatur.de\/index.php\/wp-json\/wp\/v2\/pages"}],"about":[{"href":"https:\/\/www.slovokult-literatur.de\/index.php\/wp-json\/wp\/v2\/types\/page"}],"author":[{"embeddable":true,"href":"https:\/\/www.slovokult-literatur.de\/index.php\/wp-json\/wp\/v2\/users\/1"}],"replies":[{"embeddable":true,"href":"https:\/\/www.slovokult-literatur.de\/index.php\/wp-json\/wp\/v2\/comments?post=3677"}],"version-history":[{"count":45,"href":"https:\/\/www.slovokult-literatur.de\/index.php\/wp-json\/wp\/v2\/pages\/3677\/revisions"}],"predecessor-version":[{"id":3778,"href":"https:\/\/www.slovokult-literatur.de\/index.php\/wp-json\/wp\/v2\/pages\/3677\/revisions\/3778"}],"up":[{"embeddable":true,"href":"https:\/\/www.slovokult-literatur.de\/index.php\/wp-json\/wp\/v2\/pages\/3639"}],"wp:featuredmedia":[{"embeddable":true,"href":"https:\/\/www.slovokult-literatur.de\/index.php\/wp-json\/wp\/v2\/media\/3674"}],"wp:attachment":[{"href":"https:\/\/www.slovokult-literatur.de\/index.php\/wp-json\/wp\/v2\/media?parent=3677"}],"curies":[{"name":"wp","href":"https:\/\/api.w.org\/{rel}","templated":true}]}}