{"id":3641,"date":"2020-03-28T22:47:48","date_gmt":"2020-03-28T21:47:48","guid":{"rendered":"http:\/\/www.slovokult-literatur.de\/?page_id=3641"},"modified":"2020-03-29T01:44:23","modified_gmt":"2020-03-29T00:44:23","slug":"50-gundula-schiffer-tanja-balac","status":"publish","type":"page","link":"https:\/\/www.slovokult-literatur.de\/index.php\/gedicht-und-gebilde-3\/50-gundula-schiffer-tanja-balac\/","title":{"rendered":"::50:: Gundula Schiffer :: Tanja Balac ::"},"content":{"rendered":"<h3>:: Gedicht und Gebilde :: 3 ::<\/h3>\n<p><strong><a href=\"http:\/\/www.slovokult-literatur.de\/index.php\/gedicht-und-bild\/\">:: 01-20<\/a> <a href=\"http:\/\/www.slovokult-literatur.de\/index.php\/gedicht-und-bild\/2x20\/\">:: 21-40 ::<\/a> <a href=\"http:\/\/www.slovokult-literatur.de\/index.php\/gedicht-und-gebilde-3\/\">41-60::\u00a0<\/a><\/strong><\/p>\n<h4>::50:: Gundula Schiffer :: Tanja Balac ::<\/h4>\n<p>&nbsp;<\/p>\n<p><strong>der selbst kein einziges Lied kann nicht singen<\/strong><\/p>\n<p>:: <a href=\"http:\/\/www.slovokult.eu\/index.php\/stihotvorba-i-slika\/gundula-schiffer-tanja-balac\/\" target=\"_blank\" rel=\"noopener\">\u041c\u0410\u041a\u0415\u0414\u041e\u041d\u0421\u041a\u0418<\/a> ::<\/p>\n<p>&nbsp;<\/p>\n<p>immerzu zweifach da<\/p>\n<p>f\u00fchl ich mich Zwilling,<\/p>\n<p>im Einmachglas (so steig<\/p>\n<p>doch Frosch die Leiter hoch<\/p>\n<p>und mach mir ein sch\u00f6nes<\/p>\n<p>Wetter dazu).<\/p>\n<p>&nbsp;<\/p>\n<p>dies ist Lied und Sieg<\/p>\n<p>meines Lebens \u00fcber den einfachen Hunger-<\/p>\n<p>knochen Tod, der auf dem freien Feld, nach<\/p>\n<p>allen Seiten, offensteht (so zerrt an seinem<\/p>\n<p>Mantel der Sturm und bl\u00e4st ihn aus noch mehr).<\/p>\n<p>&nbsp;<\/p>\n<p>entschwistert so kurz nach der Wiege<\/p>\n<p>zirpt sich mein Vogel die schiefen Fl\u00fcgel, die<\/p>\n<p>stille Kehle von der Seele. das abgeschnittene<\/p>\n<p>Kleine, das entf\u00fchrte K\u00fcken (st\u00e4rker wurde<\/p>\n<p>der Sturm, und immer kaltherziger er, warf<\/p>\n<p>seinen Mantel wie ein Netz, der gro\u00dfe Vogel-<\/p>\n<p>f\u00e4nger. neidisch, der selbst kein einziges Lied kann<\/p>\n<p>nicht singen). unser Ei, zur\u00fcck in die Erde geschluckt,<\/p>\n<p>wo es doch l\u00e4ngst aufgebrochen war \u2013<\/p>\n<p>&nbsp;<\/p>\n<p>darum wohl dichte \u00fcbersetze<\/p>\n<p>ich uns immer wieder zusammen:<\/p>\n<p>wir waren Seite an Seite, zwei M\u00e4dchen, rosa und blau.<\/p>\n<p>jetzt, wie meine zwei Arme, teile ich in mir, zum Segen<\/p>\n<p>den Fluss unserer zwei Stimmen auf<\/p>\n<p>:::::::::<\/p>\n<p>:: <strong>Tanja Balac :: Riss ::<\/strong> Pastel :: 2006<\/p>\n<p><a href=\"http:\/\/www.slovokult-literatur.de\/wp-content\/uploads\/2020\/03\/Tanja-Balac-Procep-Riss70x50pastel2006.jpg\"><img decoding=\"async\" loading=\"lazy\" class=\"alignnone wp-image-3644 size-large\" src=\"http:\/\/www.slovokult-literatur.de\/wp-content\/uploads\/2020\/03\/Tanja-Balac-Procep-Riss70x50pastel2006-728x1024.jpg\" alt=\"\" width=\"640\" height=\"900\" srcset=\"https:\/\/www.slovokult-literatur.de\/wp-content\/uploads\/2020\/03\/Tanja-Balac-Procep-Riss70x50pastel2006.jpg 728w, https:\/\/www.slovokult-literatur.de\/wp-content\/uploads\/2020\/03\/Tanja-Balac-Procep-Riss70x50pastel2006-213x300.jpg 213w, https:\/\/www.slovokult-literatur.de\/wp-content\/uploads\/2020\/03\/Tanja-Balac-Procep-Riss70x50pastel2006-400x563.jpg 400w\" sizes=\"(max-width: 640px) 100vw, 640px\" \/><\/a><\/p>\n<p>&nbsp;<\/p>\n","protected":false},"excerpt":{"rendered":"<p>:: Gedicht und Gebilde :: 3 :: :: 01-20 :: 21-40 :: 41-60::\u00a0 ::50:: Gundula Schiffer :: Tanja Balac :: &nbsp; der selbst kein einziges Lied kann nicht singen :: \u041c\u0410\u041a\u0415\u0414\u041e\u041d\u0421\u041a\u0418 :: &nbsp; immerzu zweifach da f\u00fchl ich mich Zwilling, [&hellip;]<\/p>\n","protected":false},"author":1,"featured_media":3644,"parent":3126,"menu_order":0,"comment_status":"closed","ping_status":"closed","template":"","meta":{"footnotes":""},"_links":{"self":[{"href":"https:\/\/www.slovokult-literatur.de\/index.php\/wp-json\/wp\/v2\/pages\/3641"}],"collection":[{"href":"https:\/\/www.slovokult-literatur.de\/index.php\/wp-json\/wp\/v2\/pages"}],"about":[{"href":"https:\/\/www.slovokult-literatur.de\/index.php\/wp-json\/wp\/v2\/types\/page"}],"author":[{"embeddable":true,"href":"https:\/\/www.slovokult-literatur.de\/index.php\/wp-json\/wp\/v2\/users\/1"}],"replies":[{"embeddable":true,"href":"https:\/\/www.slovokult-literatur.de\/index.php\/wp-json\/wp\/v2\/comments?post=3641"}],"version-history":[{"count":9,"href":"https:\/\/www.slovokult-literatur.de\/index.php\/wp-json\/wp\/v2\/pages\/3641\/revisions"}],"predecessor-version":[{"id":3652,"href":"https:\/\/www.slovokult-literatur.de\/index.php\/wp-json\/wp\/v2\/pages\/3641\/revisions\/3652"}],"up":[{"embeddable":true,"href":"https:\/\/www.slovokult-literatur.de\/index.php\/wp-json\/wp\/v2\/pages\/3126"}],"wp:featuredmedia":[{"embeddable":true,"href":"https:\/\/www.slovokult-literatur.de\/index.php\/wp-json\/wp\/v2\/media\/3644"}],"wp:attachment":[{"href":"https:\/\/www.slovokult-literatur.de\/index.php\/wp-json\/wp\/v2\/media?parent=3641"}],"curies":[{"name":"wp","href":"https:\/\/api.w.org\/{rel}","templated":true}]}}