{"id":3361,"date":"2019-12-24T03:13:06","date_gmt":"2019-12-24T02:13:06","guid":{"rendered":"http:\/\/www.slovokult-literatur.de\/?page_id=3361"},"modified":"2019-12-24T16:52:10","modified_gmt":"2019-12-24T15:52:10","slug":"06-sanja-mihajlovik-kostadinovska-aleksandra-petkova-gianeli","status":"publish","type":"page","link":"https:\/\/www.slovokult-literatur.de\/index.php\/aussage-gegen-ausdruck\/06-sanja-mihajlovik-kostadinovska-aleksandra-petkova-gianeli\/","title":{"rendered":"::06:: Sanja Mihajlovik&#8216;-Kostadinovska :: Aleksandra Petkova Gianeli::"},"content":{"rendered":"<h4><a href=\"http:\/\/www.slovokult-literatur.de\/index.php\/aussage-gegen-ausdruck\/\">Aussage::vs::Ausdruck<\/a><\/h4>\n<p><strong>::Sanja Mihajlovik&#8216;-Kostadinovska ::\u00a0K\u00f6rper :: <a href=\"http:\/\/www.slovokult.eu\/index.php\/iskaz-izraz\/sanja-mihajlovik-kostadinovska-aleksandra-petkova\/\" target=\"_blank\" rel=\"noopener\">\u041c\u0410\u041a\u0415\u0414\u041e\u041d\u0421\u041a\u0418<\/a><\/strong><\/p>\n<p>Du n\u00e4herst dich mir von hinten und h\u00e4ltst mir die Augen zu. Ich wei\u00df nicht, wer du bist. Ich sollte es erraten. Ich nenne Namen, ich w\u00fchle die Erinnerungen durch, versuche dich nach dem Geruch zu erkennen, nach der Rauheit der Haut, aber die Finsternis, wie eine Strafe f\u00fcr mein Nichterinnern, geht nicht weg.<\/p>\n<p>Nun ist ein Monat vergangen. Manchmal flattert in meinem Bewusstsein der Gedanke, mich abrupt umzudrehen und dir das Spiel zu verderben, sodass sich dein unh\u00f6rbares Kichern in ein Gel\u00e4chter des Erkennens ergie\u00dft, aber dennoch ziehe ich es vor, dass du dich mir selber entdeckst. Und so leben wir weiter. Ich mit einem Schleier aus H\u00e4nden, du mit Augen in den H\u00e4nden.<\/p>\n<p>:: Aus dem Mazedonischen von :: <strong>Elizabeta Lindner ::<\/strong><\/p>\n<p><strong>::\u00a0Aleksandra Petkova Gianeli:: Labyrinth ::\u00a0<\/strong><\/p>\n<p><a href=\"http:\/\/www.slovokult-literatur.de\/wp-content\/uploads\/2019\/12\/labyrinth.jpg\"><img decoding=\"async\" loading=\"lazy\" class=\"alignnone wp-image-3363\" src=\"http:\/\/www.slovokult-literatur.de\/wp-content\/uploads\/2019\/12\/labyrinth-724x1024.jpg\" alt=\"\" width=\"502\" height=\"710\" srcset=\"https:\/\/www.slovokult-literatur.de\/wp-content\/uploads\/2019\/12\/labyrinth-724x1024.jpg 724w, https:\/\/www.slovokult-literatur.de\/wp-content\/uploads\/2019\/12\/labyrinth-212x300.jpg 212w, https:\/\/www.slovokult-literatur.de\/wp-content\/uploads\/2019\/12\/labyrinth-768x1086.jpg 768w, https:\/\/www.slovokult-literatur.de\/wp-content\/uploads\/2019\/12\/labyrinth-400x566.jpg 400w\" sizes=\"(max-width: 502px) 100vw, 502px\" \/><\/a><\/p>\n","protected":false},"excerpt":{"rendered":"<p>Aussage::vs::Ausdruck ::Sanja Mihajlovik&#8216;-Kostadinovska ::\u00a0K\u00f6rper :: \u041c\u0410\u041a\u0415\u0414\u041e\u041d\u0421\u041a\u0418 Du n\u00e4herst dich mir von hinten und h\u00e4ltst mir die Augen zu. Ich wei\u00df nicht, wer du bist. Ich sollte es erraten. Ich nenne Namen, ich w\u00fchle die Erinnerungen durch, versuche dich nach dem [&hellip;]<\/p>\n","protected":false},"author":1,"featured_media":3363,"parent":466,"menu_order":0,"comment_status":"closed","ping_status":"closed","template":"","meta":{"footnotes":""},"_links":{"self":[{"href":"https:\/\/www.slovokult-literatur.de\/index.php\/wp-json\/wp\/v2\/pages\/3361"}],"collection":[{"href":"https:\/\/www.slovokult-literatur.de\/index.php\/wp-json\/wp\/v2\/pages"}],"about":[{"href":"https:\/\/www.slovokult-literatur.de\/index.php\/wp-json\/wp\/v2\/types\/page"}],"author":[{"embeddable":true,"href":"https:\/\/www.slovokult-literatur.de\/index.php\/wp-json\/wp\/v2\/users\/1"}],"replies":[{"embeddable":true,"href":"https:\/\/www.slovokult-literatur.de\/index.php\/wp-json\/wp\/v2\/comments?post=3361"}],"version-history":[{"count":15,"href":"https:\/\/www.slovokult-literatur.de\/index.php\/wp-json\/wp\/v2\/pages\/3361\/revisions"}],"predecessor-version":[{"id":3381,"href":"https:\/\/www.slovokult-literatur.de\/index.php\/wp-json\/wp\/v2\/pages\/3361\/revisions\/3381"}],"up":[{"embeddable":true,"href":"https:\/\/www.slovokult-literatur.de\/index.php\/wp-json\/wp\/v2\/pages\/466"}],"wp:featuredmedia":[{"embeddable":true,"href":"https:\/\/www.slovokult-literatur.de\/index.php\/wp-json\/wp\/v2\/media\/3363"}],"wp:attachment":[{"href":"https:\/\/www.slovokult-literatur.de\/index.php\/wp-json\/wp\/v2\/media?parent=3361"}],"curies":[{"name":"wp","href":"https:\/\/api.w.org\/{rel}","templated":true}]}}