{"id":3282,"date":"2019-11-24T02:53:15","date_gmt":"2019-11-24T01:53:15","guid":{"rendered":"http:\/\/www.slovokult-literatur.de\/?page_id=3282"},"modified":"2019-11-24T03:51:56","modified_gmt":"2019-11-24T02:51:56","slug":"45-juergen-nendza-irena-paskali","status":"publish","type":"page","link":"https:\/\/www.slovokult-literatur.de\/index.php\/gedicht-und-gebilde-3\/45-juergen-nendza-irena-paskali\/","title":{"rendered":"::45::J\u00fcrgen Nendza :: Irena Paskali"},"content":{"rendered":"<h3>:: Gedicht und Gebilde :: 3 ::<\/h3>\n<p><strong><a href=\"http:\/\/www.slovokult-literatur.de\/index.php\/gedicht-und-bild\/\">:: 01-20<\/a> <a href=\"http:\/\/www.slovokult-literatur.de\/index.php\/gedicht-und-bild\/2x20\/\">:: 21-40 ::<\/a> <a href=\"http:\/\/www.slovokult-literatur.de\/index.php\/gedicht-und-gebilde-3\/\">41-60::\u00a0<\/a><\/strong><\/p>\n<p>&nbsp;<\/p>\n<h4>::45::J\u00fcrgen Nendza :: Irena Paskali::<\/h4>\n<p>:<strong>:<a href=\"http:\/\/www.slovokult-literatur.de\/index.php\/gedicht-und-gebilde-3\/45-juergen-nendza-irena-paskali\/english\/\">English<\/a>\u00a0:: <a href=\"http:\/\/www.slovokult.eu\/index.php\/stihotvorba-i-slika\/juergen-nendza-irena-paskali\/\" target=\"_blank\" rel=\"noopener\">\u041c\u0430\u043a\u0435\u0434\u043e\u043d\u0441\u043a\u0438<\/a> ::<\/strong><\/p>\n<p>&nbsp;<\/p>\n<p><strong>T\u00e4glich<span class=\"Apple-converted-space\">\u00a0 <\/span><\/strong>verschiebt sich der Ged\u00e4chtnisrand<span class=\"Apple-converted-space\">\u00a0<\/span><\/p>\n<p>und was wir sagen wollten: Der Apfel wei\u00df<span class=\"Apple-converted-space\">\u00a0<\/span><\/p>\n<p>&nbsp;<\/p>\n<p>nicht, dass die Zeit uns aufsagt. In unseren H\u00e4nden<span class=\"Apple-converted-space\">\u00a0<\/span><\/p>\n<p>schwitzt ein gro\u00dfer See und die Welt<span class=\"Apple-converted-space\">\u00a0<\/span><\/p>\n<p>&nbsp;<\/p>\n<p>f\u00e4ngt wieder an, fein wie ein Fl\u00fcstern<span class=\"Apple-converted-space\">\u00a0<\/span><\/p>\n<p>\u00fcber dem Gartentor, wie ein Spinnweb,<\/p>\n<p>&nbsp;<\/p>\n<p>das ein Zentrum in die Luft h\u00e4ngt, lauernd<span class=\"Apple-converted-space\">\u00a0<\/span><\/p>\n<p>auf Zusammenhang. Wir denken uns in Reihenfolgen,<span class=\"Apple-converted-space\">\u00a0<\/span><\/p>\n<p>&nbsp;<\/p>\n<p>den Tisch gedeckt, und wenn sich Stille<\/p>\n<p>\u00f6ffnet: Auf der Stra\u00dfe zum B\u00e4cker geht Liebe<span class=\"Apple-converted-space\">\u00a0<\/span><\/p>\n<p>&nbsp;<\/p>\n<p>stumm wie ein Reh. Ein Fr\u00f6steln zieht \u00fcber<span class=\"Apple-converted-space\">\u00a0<\/span><\/p>\n<p>die Tapete. Das Schwierige ist jetzt die Amsel.<\/p>\n<p>&nbsp;<\/p>\n<h4>::Irena Paskali:: Zeichnung::<\/h4>\n<p><a href=\"http:\/\/www.slovokult-literatur.de\/wp-content\/uploads\/2019\/11\/Irena-Paskali-Crtez.jpg\"><img decoding=\"async\" loading=\"lazy\" class=\"alignnone wp-image-3283 size-large\" src=\"http:\/\/www.slovokult-literatur.de\/wp-content\/uploads\/2019\/11\/Irena-Paskali-Crtez-1024x757.jpg\" alt=\"\" width=\"640\" height=\"473\" srcset=\"https:\/\/www.slovokult-literatur.de\/wp-content\/uploads\/2019\/11\/Irena-Paskali-Crtez-1024x757.jpg 1024w, https:\/\/www.slovokult-literatur.de\/wp-content\/uploads\/2019\/11\/Irena-Paskali-Crtez-300x222.jpg 300w, https:\/\/www.slovokult-literatur.de\/wp-content\/uploads\/2019\/11\/Irena-Paskali-Crtez-768x568.jpg 768w, https:\/\/www.slovokult-literatur.de\/wp-content\/uploads\/2019\/11\/Irena-Paskali-Crtez-400x296.jpg 400w\" sizes=\"(max-width: 640px) 100vw, 640px\" \/><\/a><\/p>\n","protected":false},"excerpt":{"rendered":"<p>:: Gedicht und Gebilde :: 3 :: :: 01-20 :: 21-40 :: 41-60::\u00a0 &nbsp; ::45::J\u00fcrgen Nendza :: Irena Paskali:: ::English\u00a0:: \u041c\u0430\u043a\u0435\u0434\u043e\u043d\u0441\u043a\u0438 :: &nbsp; T\u00e4glich\u00a0 verschiebt sich der Ged\u00e4chtnisrand\u00a0 und was wir sagen wollten: Der Apfel wei\u00df\u00a0 &nbsp; nicht, dass die [&hellip;]<\/p>\n","protected":false},"author":1,"featured_media":3283,"parent":3126,"menu_order":0,"comment_status":"closed","ping_status":"closed","template":"","meta":{"footnotes":""},"_links":{"self":[{"href":"https:\/\/www.slovokult-literatur.de\/index.php\/wp-json\/wp\/v2\/pages\/3282"}],"collection":[{"href":"https:\/\/www.slovokult-literatur.de\/index.php\/wp-json\/wp\/v2\/pages"}],"about":[{"href":"https:\/\/www.slovokult-literatur.de\/index.php\/wp-json\/wp\/v2\/types\/page"}],"author":[{"embeddable":true,"href":"https:\/\/www.slovokult-literatur.de\/index.php\/wp-json\/wp\/v2\/users\/1"}],"replies":[{"embeddable":true,"href":"https:\/\/www.slovokult-literatur.de\/index.php\/wp-json\/wp\/v2\/comments?post=3282"}],"version-history":[{"count":9,"href":"https:\/\/www.slovokult-literatur.de\/index.php\/wp-json\/wp\/v2\/pages\/3282\/revisions"}],"predecessor-version":[{"id":3312,"href":"https:\/\/www.slovokult-literatur.de\/index.php\/wp-json\/wp\/v2\/pages\/3282\/revisions\/3312"}],"up":[{"embeddable":true,"href":"https:\/\/www.slovokult-literatur.de\/index.php\/wp-json\/wp\/v2\/pages\/3126"}],"wp:featuredmedia":[{"embeddable":true,"href":"https:\/\/www.slovokult-literatur.de\/index.php\/wp-json\/wp\/v2\/media\/3283"}],"wp:attachment":[{"href":"https:\/\/www.slovokult-literatur.de\/index.php\/wp-json\/wp\/v2\/media?parent=3282"}],"curies":[{"name":"wp","href":"https:\/\/api.w.org\/{rel}","templated":true}]}}

::45::Jürgen Nendza :: Irena Paskali

<h3>:: Gedicht und Gebilde :: 3 ::</h3>
<p><strong><a href="http://www.slovokult-literatur.de/index.php/gedicht-und-bild/">:: 01-20</a> <a href="http://www.slovokult-literatur.de/index.php/gedicht-und-bild/2x20/">:: 21-40 ::</a> <a href="http://www.slovokult-literatur.de/index.php/gedicht-und-gebilde-3/">41-60:: </a></strong></p>
<p>&nbsp;</p>
<h4>::45::Jürgen Nendza :: Irena Paskali::</h4>
<p>:<strong>:<a href="http://www.slovokult-literatur.de/index.php/gedicht-und-gebilde-3/45-juergen-nendza-irena-paskali/english/">English</a> :: <a href="http://www.slovokult.eu/index.php/stihotvorba-i-slika/juergen-nendza-irena-paskali/" target="_blank" rel="noopener">Македонски</a> ::</strong></p>
<p>&nbsp;</p>
<p><strong>Täglich<span class="Apple-converted-space">  </span></strong>verschiebt sich der Gedächtnisrand<span class="Apple-converted-space"> </span></p>
<p>und was wir sagen wollten: Der Apfel weiß<span class="Apple-converted-space"> </span></p>
<p>&nbsp;</p>
<p>nicht, dass die Zeit uns aufsagt. In unseren Händen<span class="Apple-converted-space"> </span></p>
<p>schwitzt ein großer See und die Welt<span class="Apple-converted-space"> </span></p>
<p>&nbsp;</p>
<p>fängt wieder an, fein wie ein Flüstern<span class="Apple-converted-space"> </span></p>
<p>über dem Gartentor, wie ein Spinnweb,</p>
<p>&nbsp;</p>
<p>das ein Zentrum in die Luft hängt, lauernd<span class="Apple-converted-space"> </span></p>
<p>auf Zusammenhang. Wir denken uns in Reihenfolgen,<span class="Apple-converted-space"> </span></p>
<p>&nbsp;</p>
<p>den Tisch gedeckt, und wenn sich Stille</p>
<p>öffnet: Auf der Straße zum Bäcker geht Liebe<span class="Apple-converted-space"> </span></p>
<p>&nbsp;</p>
<p>stumm wie ein Reh. Ein Frösteln zieht über<span class="Apple-converted-space"> </span></p>
<p>die Tapete. Das Schwierige ist jetzt die Amsel.</p>
<p>&nbsp;</p>
<h4>::Irena Paskali:: Zeichnung::</h4>
<p><a href="http://www.slovokult-literatur.de/wp-content/uploads/2019/11/Irena-Paskali-Crtez.jpg"><img decoding="async" loading="lazy" class="alignnone wp-image-3283 size-large" src="http://www.slovokult-literatur.de/wp-content/uploads/2019/11/Irena-Paskali-Crtez-1024x757.jpg" alt="" width="640" height="473" srcset="https://www.slovokult-literatur.de/wp-content/uploads/2019/11/Irena-Paskali-Crtez-1024x757.jpg 1024w, https://www.slovokult-literatur.de/wp-content/uploads/2019/11/Irena-Paskali-Crtez-300x222.jpg 300w, https://www.slovokult-literatur.de/wp-content/uploads/2019/11/Irena-Paskali-Crtez-768x568.jpg 768w, https://www.slovokult-literatur.de/wp-content/uploads/2019/11/Irena-Paskali-Crtez-400x296.jpg 400w" sizes="(max-width: 640px) 100vw, 640px" /></a></p>

<p>:: Gedicht und Gebilde :: 3 :: :: 01-20 :: 21-40 :: 41-60::  &nbsp; ::45::Jürgen Nendza :: Irena Paskali:: ::English :: Македонски :: &nbsp; Täglich  verschiebt sich der Gedächtnisrand  und was wir sagen wollten: Der Apfel weiß  &nbsp; nicht, dass die [&hellip;]</p>
