{"id":2905,"date":"2019-09-16T01:50:15","date_gmt":"2019-09-15T23:50:15","guid":{"rendered":"http:\/\/www.slovokult-literatur.de\/?page_id=2905"},"modified":"2019-09-16T01:56:58","modified_gmt":"2019-09-15T23:56:58","slug":"deutsch","status":"publish","type":"page","link":"https:\/\/www.slovokult-literatur.de\/index.php\/gedicht-und-bild\/2x20\/21-vasileia-oikonomou-rules-for-a-game\/deutsch\/","title":{"rendered":"Regeln f\u00fcr ein Spiel"},"content":{"rendered":"<h2>::Gedicht und Gebilde:: 2 ::<\/h2>\n<h6><a href=\"http:\/\/www.slovokult-literatur.de\/index.php\/gedicht-und-bild\/\" target=\"_blank\" rel=\"noopener\">::01-20::<\/a>\u00a0<a href=\"http:\/\/www.slovokult-literatur.de\/index.php\/gedicht-und-bild\/2x20\/\">::21-40::<\/a><\/h6>\n<h4>::21:: Vasileia Oikonomou:: Doroti Pachkova<\/h4>\n<p><em>Regeln f\u00fcr ein Spiel <\/em><\/p>\n<p>&nbsp;<\/p>\n<p>Heute Abend bin ich Hund<\/p>\n<p>wenn du Katze bist<\/p>\n<p>und das w\u00fcrde nichts mehr bedeuten<\/p>\n<p>als das was schon gemeint ist<\/p>\n<p>&nbsp;<\/p>\n<p>Aber t\u00e4usche dich nicht<\/p>\n<p>und glaub nicht an mein Glauben<\/p>\n<p>Ich fordere dich auf<\/p>\n<p>an meine Zunge zu glauben<\/p>\n<p>die beharrlich bleibt<\/p>\n<p>An meine Z\u00e4hne zu glauben \u2013<\/p>\n<p>warne ich<\/p>\n<p>und bestimmt<\/p>\n<p>&nbsp;<\/p>\n<p>nicht an meinen Schwanz zu glauben<\/p>\n<p>Achte darauf, \u00dcbersetzungen<\/p>\n<p>der H\u00f6henstabilit\u00e4t<\/p>\n<p>oder der Rhythmusgenauigkeit<\/p>\n<p>zu vermeiden<\/p>\n<p>\u2013 hat nichts mit dem Gl\u00fcck zu tun<\/p>\n<p>&nbsp;<\/p>\n<p>Ich fordere dich auf an meinen Hunger zu glauben<\/p>\n<p>&nbsp;<\/p>\n<p>und vor allem<\/p>\n<p>glaub<\/p>\n<p>an meine spontane<\/p>\n<p>animalische<\/p>\n<p>Absicht<\/p>\n<p>an deinen F\u00fc\u00dfen<\/p>\n<p>zu schlafen<\/p>\n<p>&nbsp;<\/p>\n<p>&nbsp;<\/p>\n<p>Aus dem Griechischen von:: <strong>Marina Agathangelidou<\/strong><\/p>\n<p>&nbsp;<\/p>\n<p>Bild::\u00a0<strong>Doroti Pachkova :: O.T.::<\/strong><\/p>\n<p><a href=\"http:\/\/www.slovokult-literatur.de\/wp-content\/uploads\/2018\/09\/Doroti-Pachkova-OT.jpg\" target=\"_blank\" rel=\"noopener\"><img decoding=\"async\" loading=\"lazy\" class=\"alignnone wp-image-1902 size-full\" src=\"http:\/\/www.slovokult-literatur.de\/wp-content\/uploads\/2018\/09\/Doroti-Pachkova-OT.jpg\" alt=\"\" width=\"955\" height=\"474\" srcset=\"https:\/\/www.slovokult-literatur.de\/wp-content\/uploads\/2018\/09\/Doroti-Pachkova-OT.jpg 955w, https:\/\/www.slovokult-literatur.de\/wp-content\/uploads\/2018\/09\/Doroti-Pachkova-OT-300x149.jpg 300w, https:\/\/www.slovokult-literatur.de\/wp-content\/uploads\/2018\/09\/Doroti-Pachkova-OT-768x381.jpg 768w, https:\/\/www.slovokult-literatur.de\/wp-content\/uploads\/2018\/09\/Doroti-Pachkova-OT-400x199.jpg 400w\" sizes=\"(max-width: 955px) 100vw, 955px\" \/><\/a><\/p>\n<p>&nbsp;<\/p>\n","protected":false},"excerpt":{"rendered":"<p>::Gedicht und Gebilde:: 2 :: ::01-20::\u00a0::21-40:: ::21:: Vasileia Oikonomou:: Doroti Pachkova Regeln f\u00fcr ein Spiel &nbsp; Heute Abend bin ich Hund wenn du Katze bist und das w\u00fcrde nichts mehr bedeuten als das was schon gemeint ist &nbsp; Aber t\u00e4usche [&hellip;]<\/p>\n","protected":false},"author":1,"featured_media":1902,"parent":1900,"menu_order":0,"comment_status":"closed","ping_status":"closed","template":"","meta":{"footnotes":""},"_links":{"self":[{"href":"https:\/\/www.slovokult-literatur.de\/index.php\/wp-json\/wp\/v2\/pages\/2905"}],"collection":[{"href":"https:\/\/www.slovokult-literatur.de\/index.php\/wp-json\/wp\/v2\/pages"}],"about":[{"href":"https:\/\/www.slovokult-literatur.de\/index.php\/wp-json\/wp\/v2\/types\/page"}],"author":[{"embeddable":true,"href":"https:\/\/www.slovokult-literatur.de\/index.php\/wp-json\/wp\/v2\/users\/1"}],"replies":[{"embeddable":true,"href":"https:\/\/www.slovokult-literatur.de\/index.php\/wp-json\/wp\/v2\/comments?post=2905"}],"version-history":[{"count":3,"href":"https:\/\/www.slovokult-literatur.de\/index.php\/wp-json\/wp\/v2\/pages\/2905\/revisions"}],"predecessor-version":[{"id":2908,"href":"https:\/\/www.slovokult-literatur.de\/index.php\/wp-json\/wp\/v2\/pages\/2905\/revisions\/2908"}],"up":[{"embeddable":true,"href":"https:\/\/www.slovokult-literatur.de\/index.php\/wp-json\/wp\/v2\/pages\/1900"}],"wp:featuredmedia":[{"embeddable":true,"href":"https:\/\/www.slovokult-literatur.de\/index.php\/wp-json\/wp\/v2\/media\/1902"}],"wp:attachment":[{"href":"https:\/\/www.slovokult-literatur.de\/index.php\/wp-json\/wp\/v2\/media?parent=2905"}],"curies":[{"name":"wp","href":"https:\/\/api.w.org\/{rel}","templated":true}]}}