{"id":2894,"date":"2019-09-01T13:59:34","date_gmt":"2019-09-01T11:59:34","guid":{"rendered":"http:\/\/www.slovokult-literatur.de\/?page_id=2894"},"modified":"2019-09-01T19:12:11","modified_gmt":"2019-09-01T17:12:11","slug":"38-sophie-reyer-christian-malz","status":"publish","type":"page","link":"https:\/\/www.slovokult-literatur.de\/index.php\/gedicht-und-bild\/2x20\/38-sophie-reyer-christian-malz\/","title":{"rendered":"::38:: Sophie Reyer :: Christian Malz::"},"content":{"rendered":"<h2>::Gedicht und Gebilde::<\/h2>\n<h5>::01-20:: \u00a0<a href=\"http:\/\/www.slovokult-literatur.de\/index.php\/gedicht-und-bild\/2x20\/\" target=\"_blank\" rel=\"noopener\">::21-40::<\/a><\/h5>\n<h5><strong>::38:: Sophie Reyer :: Christian Malz::<\/strong><\/h5>\n<p>:<\/p>\n<p><em>der Besitz<\/em><\/p>\n<p><a href=\"http:\/\/www.slovokult.eu\/index.php\/stihotvorba-i-slika\/sophie-reyer-christian-malz-mk\/\" target=\"_blank\" rel=\"noopener\"><strong>\u041c\u0410\u041a\u0415\u0414\u041e\u041d\u0421\u041a\u0418<\/strong><\/a><\/p>\n<p>&nbsp;<\/p>\n<p>Sch\u00e4del an Stacheln<\/p>\n<p>aus Draht gebaute Haut<\/p>\n<p>&nbsp;<\/p>\n<p>Hirn h\u00e4ngt<\/p>\n<p>baumelt von der Decke<\/p>\n<p>deren Stuck du doch so sch\u00f6n<\/p>\n<p>renoviert hast<\/p>\n<p>&nbsp;<\/p>\n<p>Deine H\u00e4nde<\/p>\n<p>haben mich in deine W\u00e4nde<\/p>\n<p>geschraubt da darf ich<\/p>\n<p>sch\u00f6n sein und traurig<\/p>\n<p>schauen\u00a0<em>that\u00b4s all now<\/em><\/p>\n<p><em>\u00a0<\/em><\/p>\n<p>Sch\u00e4del an Stacheln<\/p>\n<p>aus Draht gebaute Haut<\/p>\n<p>&nbsp;<\/p>\n<p><strong>::Lilith::<\/strong><\/p>\n<p><a href=\"http:\/\/www.slovokult-literatur.de\/wp-content\/uploads\/2019\/09\/Christian-Malz-Lilith.jpg\"><img decoding=\"async\" loading=\"lazy\" class=\"alignnone wp-image-2895\" src=\"http:\/\/www.slovokult-literatur.de\/wp-content\/uploads\/2019\/09\/Christian-Malz-Lilith.jpg\" alt=\"\" width=\"450\" height=\"621\" srcset=\"https:\/\/www.slovokult-literatur.de\/wp-content\/uploads\/2019\/09\/Christian-Malz-Lilith.jpg 695w, https:\/\/www.slovokult-literatur.de\/wp-content\/uploads\/2019\/09\/Christian-Malz-Lilith-217x300.jpg 217w, https:\/\/www.slovokult-literatur.de\/wp-content\/uploads\/2019\/09\/Christian-Malz-Lilith-400x553.jpg 400w\" sizes=\"(max-width: 450px) 100vw, 450px\" \/><\/a><\/p>\n<p>&nbsp;<\/p>\n<p>&nbsp;<\/p>\n<p>&nbsp;<\/p>\n","protected":false},"excerpt":{"rendered":"<p>::Gedicht und Gebilde:: ::01-20:: \u00a0::21-40:: ::38:: Sophie Reyer :: Christian Malz:: : der Besitz \u041c\u0410\u041a\u0415\u0414\u041e\u041d\u0421\u041a\u0418 &nbsp; Sch\u00e4del an Stacheln aus Draht gebaute Haut &nbsp; Hirn h\u00e4ngt baumelt von der Decke deren Stuck du doch so sch\u00f6n renoviert hast &nbsp; Deine [&hellip;]<\/p>\n","protected":false},"author":1,"featured_media":2895,"parent":1896,"menu_order":0,"comment_status":"closed","ping_status":"closed","template":"","meta":{"footnotes":""},"_links":{"self":[{"href":"https:\/\/www.slovokult-literatur.de\/index.php\/wp-json\/wp\/v2\/pages\/2894"}],"collection":[{"href":"https:\/\/www.slovokult-literatur.de\/index.php\/wp-json\/wp\/v2\/pages"}],"about":[{"href":"https:\/\/www.slovokult-literatur.de\/index.php\/wp-json\/wp\/v2\/types\/page"}],"author":[{"embeddable":true,"href":"https:\/\/www.slovokult-literatur.de\/index.php\/wp-json\/wp\/v2\/users\/1"}],"replies":[{"embeddable":true,"href":"https:\/\/www.slovokult-literatur.de\/index.php\/wp-json\/wp\/v2\/comments?post=2894"}],"version-history":[{"count":3,"href":"https:\/\/www.slovokult-literatur.de\/index.php\/wp-json\/wp\/v2\/pages\/2894\/revisions"}],"predecessor-version":[{"id":2903,"href":"https:\/\/www.slovokult-literatur.de\/index.php\/wp-json\/wp\/v2\/pages\/2894\/revisions\/2903"}],"up":[{"embeddable":true,"href":"https:\/\/www.slovokult-literatur.de\/index.php\/wp-json\/wp\/v2\/pages\/1896"}],"wp:featuredmedia":[{"embeddable":true,"href":"https:\/\/www.slovokult-literatur.de\/index.php\/wp-json\/wp\/v2\/media\/2895"}],"wp:attachment":[{"href":"https:\/\/www.slovokult-literatur.de\/index.php\/wp-json\/wp\/v2\/media?parent=2894"}],"curies":[{"name":"wp","href":"https:\/\/api.w.org\/{rel}","templated":true}]}}

<h2>::Gedicht und Gebilde::</h2>
<h5>::01-20::  <a href="http://www.slovokult-literatur.de/index.php/gedicht-und-bild/2x20/" target="_blank" rel="noopener">::21-40::</a></h5>
<h5><strong>::38:: Sophie Reyer :: Christian Malz::</strong></h5>
<p>:</p>
<p><em>der Besitz</em></p>
<p><a href="http://www.slovokult.eu/index.php/stihotvorba-i-slika/sophie-reyer-christian-malz-mk/" target="_blank" rel="noopener"><strong>МАКЕДОНСКИ</strong></a></p>
<p>&nbsp;</p>
<p>Schädel an Stacheln</p>
<p>aus Draht gebaute Haut</p>
<p>&nbsp;</p>
<p>Hirn hängt</p>
<p>baumelt von der Decke</p>
<p>deren Stuck du doch so schön</p>
<p>renoviert hast</p>
<p>&nbsp;</p>
<p>Deine Hände</p>
<p>haben mich in deine Wände</p>
<p>geschraubt da darf ich</p>
<p>schön sein und traurig</p>
<p>schauen <em>that´s all now</em></p>
<p><em> </em></p>
<p>Schädel an Stacheln</p>
<p>aus Draht gebaute Haut</p>
<p>&nbsp;</p>
<p><strong>::Lilith::</strong></p>
<p><a href="http://www.slovokult-literatur.de/wp-content/uploads/2019/09/Christian-Malz-Lilith.jpg"><img decoding="async" loading="lazy" class="alignnone wp-image-2895" src="http://www.slovokult-literatur.de/wp-content/uploads/2019/09/Christian-Malz-Lilith.jpg" alt="" width="450" height="621" srcset="https://www.slovokult-literatur.de/wp-content/uploads/2019/09/Christian-Malz-Lilith.jpg 695w, https://www.slovokult-literatur.de/wp-content/uploads/2019/09/Christian-Malz-Lilith-217x300.jpg 217w, https://www.slovokult-literatur.de/wp-content/uploads/2019/09/Christian-Malz-Lilith-400x553.jpg 400w" sizes="(max-width: 450px) 100vw, 450px" /></a></p>
<p>&nbsp;</p>
<p>&nbsp;</p>
<p>&nbsp;</p>

<p>::Gedicht und Gebilde:: ::01-20::  ::21-40:: ::38:: Sophie Reyer :: Christian Malz:: : der Besitz МАКЕДОНСКИ &nbsp; Schädel an Stacheln aus Draht gebaute Haut &nbsp; Hirn hängt baumelt von der Decke deren Stuck du doch so schön renoviert hast &nbsp; Deine [&hellip;]</p>
