{"id":2859,"date":"2019-08-24T01:17:14","date_gmt":"2019-08-23T23:17:14","guid":{"rendered":"http:\/\/www.slovokult-literatur.de\/?page_id=2859"},"modified":"2020-08-22T04:19:48","modified_gmt":"2020-08-22T02:19:48","slug":"37-zvonko-karanovic-aude-carbone","status":"publish","type":"page","link":"https:\/\/www.slovokult-literatur.de\/index.php\/gedicht-und-bild\/2x20\/37-zvonko-karanovic-aude-carbone\/","title":{"rendered":"::37:: Zvonko Karanovi\u0107 :: Aude Carbone::"},"content":{"rendered":"<h2>::Gedicht und Gebilde::<\/h2>\n<h5>::01-20:: \u00a0<a href=\"http:\/\/www.slovokult-literatur.de\/index.php\/gedicht-und-bild\/2x20\/\" target=\"_blank\" rel=\"noopener\">::21-40::<\/a><\/h5>\n<h4>::37:: <a href=\"http:\/\/www.slovokult-literatur.de\/index.php\/lyrik\/zvonko-karanovic\/\">Zvonko Karanovi\u0107<\/a> :: Aude Carbone::<\/h4>\n<p>&nbsp;<\/p>\n<p><strong>machinegun- machinegun-machinegun<\/strong><\/p>\n<p><strong><a href=\"http:\/\/www.slovokult.eu\/index.php\/avtori\/poezija\/zvonko-karanovic\/machinegun-machinegun-machinegun\/masingan-masingan-masingan-srpski\/\">::SRPSKI::<\/a><\/strong> \u00a0 \u00a0 \u00a0<strong><a href=\"http:\/\/www.slovokult-literatur.de\/index.php\/gedicht-und-bild\/2x20\/37-zvonko-karanovic-aude-carbone\/machinegun-machinegun-machinegun-english\/\">::ENGLISH::<\/a><\/strong> \u00a0 \u00a0 \u00a0\u00a0<strong><a href=\"http:\/\/www.slovokult.eu\/index.php\/avtori\/poezija\/zvonko-karanovic\/machinegun-machinegun-machinegun\/\">:: MAKEDONSKI::<\/a><\/strong><\/p>\n<p><strong>\u00a0<\/strong><\/p>\n<p>krebserregender schwamm im spielzeug<\/p>\n<p>machinegun- machinegun-machinegun<\/p>\n<p>&nbsp;<\/p>\n<p>lastkraftwagen mit sand, kugelsicheres glas<\/p>\n<p>machinegun- machinegun-machinegun<\/p>\n<p>&nbsp;<\/p>\n<p>rote papstes schuhe und papstes schmuck<\/p>\n<p>machinegun- machinegun-machinegun<\/p>\n<p>&nbsp;<\/p>\n<p>fl\u00fcchlingslager, wei\u00dfe nash\u00f6rner<\/p>\n<p>machinegun- machinegun-machinegun<\/p>\n<p>&nbsp;<\/p>\n<p>indianerfeder im wind<\/p>\n<p>machinegun- machinegun-machinegun<\/p>\n<p>&nbsp;<\/p>\n<p>landschaften verwirrt vor so viel liebe<\/p>\n<p>machinegun- machinegun-machinegun<\/p>\n<p>&nbsp;<\/p>\n<p>machinegun- machinegun-machinegun<\/p>\n<p>machinegun- machinegun-machinegun<\/p>\n<p>&nbsp;<\/p>\n<p>Aus dem Serbischen von:: <strong>Elizabeta Lindner<\/strong><\/p>\n<p>&nbsp;<\/p>\n<p><strong><a href=\"https:\/\/www.audecarbone.com\/prod\/1404-Iconocrash.php\">Bild :: Aude Carbone:: Cathodic Crash<\/a><\/strong><\/p>\n<p><a href=\"http:\/\/www.slovokult.eu\/wp-content\/uploads\/2019\/08\/Iconocrash06_crashcathodique.jpg\"><img decoding=\"async\" loading=\"lazy\" class=\"alignnone wp-image-3603 size-full\" src=\"http:\/\/www.slovokult.eu\/wp-content\/uploads\/2019\/08\/Iconocrash06_crashcathodique.jpg\" alt=\"\" width=\"1000\" height=\"700\" \/><\/a><\/p>\n","protected":false},"excerpt":{"rendered":"<p>::Gedicht und Gebilde:: ::01-20:: \u00a0::21-40:: ::37:: Zvonko Karanovi\u0107 :: Aude Carbone:: &nbsp; machinegun- machinegun-machinegun ::SRPSKI:: \u00a0 \u00a0 \u00a0::ENGLISH:: \u00a0 \u00a0 \u00a0\u00a0:: MAKEDONSKI:: \u00a0 krebserregender schwamm im spielzeug machinegun- machinegun-machinegun &nbsp; lastkraftwagen mit sand, kugelsicheres glas machinegun- machinegun-machinegun &nbsp; rote papstes [&hellip;]<\/p>\n","protected":false},"author":1,"featured_media":2863,"parent":1896,"menu_order":0,"comment_status":"closed","ping_status":"closed","template":"","meta":{"footnotes":""},"_links":{"self":[{"href":"https:\/\/www.slovokult-literatur.de\/index.php\/wp-json\/wp\/v2\/pages\/2859"}],"collection":[{"href":"https:\/\/www.slovokult-literatur.de\/index.php\/wp-json\/wp\/v2\/pages"}],"about":[{"href":"https:\/\/www.slovokult-literatur.de\/index.php\/wp-json\/wp\/v2\/types\/page"}],"author":[{"embeddable":true,"href":"https:\/\/www.slovokult-literatur.de\/index.php\/wp-json\/wp\/v2\/users\/1"}],"replies":[{"embeddable":true,"href":"https:\/\/www.slovokult-literatur.de\/index.php\/wp-json\/wp\/v2\/comments?post=2859"}],"version-history":[{"count":16,"href":"https:\/\/www.slovokult-literatur.de\/index.php\/wp-json\/wp\/v2\/pages\/2859\/revisions"}],"predecessor-version":[{"id":4192,"href":"https:\/\/www.slovokult-literatur.de\/index.php\/wp-json\/wp\/v2\/pages\/2859\/revisions\/4192"}],"up":[{"embeddable":true,"href":"https:\/\/www.slovokult-literatur.de\/index.php\/wp-json\/wp\/v2\/pages\/1896"}],"wp:featuredmedia":[{"embeddable":true,"href":"https:\/\/www.slovokult-literatur.de\/index.php\/wp-json\/wp\/v2\/media\/2863"}],"wp:attachment":[{"href":"https:\/\/www.slovokult-literatur.de\/index.php\/wp-json\/wp\/v2\/media?parent=2859"}],"curies":[{"name":"wp","href":"https:\/\/api.w.org\/{rel}","templated":true}]}}