{"id":1970,"date":"2018-10-05T01:08:07","date_gmt":"2018-10-04T23:08:07","guid":{"rendered":"http:\/\/www.slovokult-literatur.de\/?page_id=1970"},"modified":"2018-10-20T23:52:18","modified_gmt":"2018-10-20T21:52:18","slug":"srpski-serbisch","status":"publish","type":"page","link":"https:\/\/www.slovokult-literatur.de\/index.php\/lyrik\/zvonko-karanovic\/srpski-serbisch\/","title":{"rendered":"::Srpski:: Serbisch::"},"content":{"rendered":"<h4><a href=\"http:\/\/www.slovokult-literatur.de\/index.php\/lyrik\/zvonko-karanovic\/\">::Zvonko Karanovi\u0107::<\/a><\/h4>\n<p><a href=\"http:\/\/www.slovokult-literatur.de\/index.php\/lyrik\/zvonko-karanovic\/srpski-serbisch\/sve-najbolje-pesme-govore\/\" rel=\"noopener\">SVE NAJBOLJE PESME GOVORE<\/a><\/p>\n<p>O \u010cE\u017dNJI I STAKLU I BRZIM AUTOMOBILIMA<\/p>\n<p>I OSTALIM LOMLJIVIM STVARIMA<\/p>\n","protected":false},"excerpt":{"rendered":"<p>::Zvonko Karanovi\u0107:: SVE NAJBOLJE PESME GOVORE O \u010cE\u017dNJI I STAKLU I BRZIM AUTOMOBILIMA I OSTALIM LOMLJIVIM STVARIMA<\/p>\n","protected":false},"author":1,"featured_media":1962,"parent":1951,"menu_order":0,"comment_status":"closed","ping_status":"closed","template":"","meta":{"footnotes":""},"_links":{"self":[{"href":"https:\/\/www.slovokult-literatur.de\/index.php\/wp-json\/wp\/v2\/pages\/1970"}],"collection":[{"href":"https:\/\/www.slovokult-literatur.de\/index.php\/wp-json\/wp\/v2\/pages"}],"about":[{"href":"https:\/\/www.slovokult-literatur.de\/index.php\/wp-json\/wp\/v2\/types\/page"}],"author":[{"embeddable":true,"href":"https:\/\/www.slovokult-literatur.de\/index.php\/wp-json\/wp\/v2\/users\/1"}],"replies":[{"embeddable":true,"href":"https:\/\/www.slovokult-literatur.de\/index.php\/wp-json\/wp\/v2\/comments?post=1970"}],"version-history":[{"count":7,"href":"https:\/\/www.slovokult-literatur.de\/index.php\/wp-json\/wp\/v2\/pages\/1970\/revisions"}],"predecessor-version":[{"id":2032,"href":"https:\/\/www.slovokult-literatur.de\/index.php\/wp-json\/wp\/v2\/pages\/1970\/revisions\/2032"}],"up":[{"embeddable":true,"href":"https:\/\/www.slovokult-literatur.de\/index.php\/wp-json\/wp\/v2\/pages\/1951"}],"wp:featuredmedia":[{"embeddable":true,"href":"https:\/\/www.slovokult-literatur.de\/index.php\/wp-json\/wp\/v2\/media\/1962"}],"wp:attachment":[{"href":"https:\/\/www.slovokult-literatur.de\/index.php\/wp-json\/wp\/v2\/media?parent=1970"}],"curies":[{"name":"wp","href":"https:\/\/api.w.org\/{rel}","templated":true}]}}