{"id":1817,"date":"2018-08-22T03:03:58","date_gmt":"2018-08-22T01:03:58","guid":{"rendered":"http:\/\/www.slovokult-literatur.de\/?page_id=1817"},"modified":"2018-08-23T14:02:25","modified_gmt":"2018-08-23T12:02:25","slug":"ralf-b-korte","status":"publish","type":"page","link":"https:\/\/www.slovokult-literatur.de\/index.php\/slovokult-literartour-2018\/teilnehmer-particpipants\/ralf-b-korte\/","title":{"rendered":"::ralf b. korte::"},"content":{"rendered":"<p><img decoding=\"async\" loading=\"lazy\" class=\"size-medium wp-image-1820 alignleft\" src=\"http:\/\/www.slovokult-literatur.de\/wp-content\/uploads\/2018\/08\/ralf-b.-korte-300x225.jpeg\" alt=\"\" width=\"300\" height=\"225\" srcset=\"https:\/\/www.slovokult-literatur.de\/wp-content\/uploads\/2018\/08\/ralf-b.-korte-300x225.jpeg 300w, https:\/\/www.slovokult-literatur.de\/wp-content\/uploads\/2018\/08\/ralf-b.-korte-768x577.jpeg 768w, https:\/\/www.slovokult-literatur.de\/wp-content\/uploads\/2018\/08\/ralf-b.-korte.jpeg 1024w, https:\/\/www.slovokult-literatur.de\/wp-content\/uploads\/2018\/08\/ralf-b.-korte-400x300.jpeg 400w\" sizes=\"(max-width: 300px) 100vw, 300px\" \/><strong>ralf b. korte \u00a0 \u00a0 \u00a0 \u00a0 \u00a0 \u00a0 \u00a0 <a href=\"http:\/\/www.slovokult-literatur.de\/index.php\/slovokult-literartour-2018\/teilnehmer-particpipants\/ralf-b-korte\/en\/\" target=\"_blank\" rel=\"noopener\">::ENGLISH::<\/a> \u00a0 \u00a0 \u00a0<a href=\"http:\/\/www.slovokult.eu\/index.php\/avtori\/proza\/ralf-b-korte-mk\/\" target=\"_blank\" rel=\"noopener\">::MAKEDONSKI::<\/a><\/strong><\/p>\n<p>ralf b. korte, geb. 1963 in ulm\/do. studien in konstanz und graz; lebt seit 1992 in berlin. in den 1990ern zahlreiche performances mit wechselnden beteiligten der <em>shelter performance group<\/em>.<\/p>\n<p>seit 1993 co-redaktion von\u00a0<em>perspektive \u2013 hefte f\u00fcr zeitgen\u00f6ssische literatur<\/em>.<\/p>\n<p>1995\u20131999 mitarbeit bei <em>NN-fabrik<\/em>.<\/p>\n<p>2003 \u2013 2015 <em>TextTotal \u2013 literatur salon zur lage des deutschen dichtens<\/em>(mit d.holland-moritz und uwe warnke).<\/p>\n<p>publikationen (Auswahl):<\/p>\n<p>&#8211; unter der haut. mehr zweck prosa. (siegendorf 1997)<\/p>\n<p>&#8211; baby hold on. bild text mit CD (m.T. 3. in kooperation mit klangwerkstatt berlin; siegendorf 1998)<\/p>\n<p>&#8211; forward slope. fronttext und flussnoten. (klagenfurt und wien 2000)<\/p>\n<p>&#8211; ralf b. korte \/ Elisabeth H\u00f6dl: FM dj [reading <em>reise durch die nacht<\/em>]. Ein elektronischer Briefroman. (bielefeld 2004)<\/p>\n<p>&#8211; d&#8217;Annunzio. d&#8217;Annunzio.. semisph\u00e4ren zum comandante. (klagenfurt und wien 2008)<\/p>\n<p>&#8211; Elisabeth H\u00f6dl \/ ralf b. korte : Galatea. Die FTIC-Ermittliungen. Kriminalroman. (graz 2011)<\/p>\n<p>&#8211; ralf b. korte <em>(mit einem exkurs von silvia stecher)<\/em>: <strong>neulich war schon oder<\/strong> <em>(da zwischen balkan)<\/em>(klagenfurt und wien 2015)<\/p>\n<p>::AUSZUG::<\/p>\n<div class=\"page\" title=\"Page 8\">\n<div class=\"layoutArea\">\n<div class=\"column\">\n<p>DEUTSCHAMERIKANISCHE FREUNDSCHAFT<\/p>\n<p><img decoding=\"async\" loading=\"lazy\" class=\" wp-image-1822 aligncenter\" src=\"http:\/\/www.slovokult-literatur.de\/wp-content\/uploads\/2018\/08\/korte-bild-daf-300x193.png\" alt=\"\" width=\"602\" height=\"387\" srcset=\"https:\/\/www.slovokult-literatur.de\/wp-content\/uploads\/2018\/08\/korte-bild-daf-300x193.png 300w, https:\/\/www.slovokult-literatur.de\/wp-content\/uploads\/2018\/08\/korte-bild-daf-768x495.png 768w, https:\/\/www.slovokult-literatur.de\/wp-content\/uploads\/2018\/08\/korte-bild-daf-400x258.png 400w, https:\/\/www.slovokult-literatur.de\/wp-content\/uploads\/2018\/08\/korte-bild-daf.png 776w\" sizes=\"(max-width: 602px) 100vw, 602px\" \/><\/p>\n<\/div>\n<\/div>\n<\/div>\n<p>abgesehen davon ist beispielsweise auch ein bank\u00fcberfall ein wirkliches gesamtkunstwerk. und den kann man nicht im museum an die wand h\u00e4ngen.<\/p>\n<p><em>norbert knofo kr\u00f6cher im gespr\u00e4ch mit ivo bozic, 17.04.03 <\/em><\/p>\n<p>020814 neulich am prenzlauer berg h\u00f6rst ein st\u00fcck text von einer die zwei f\u00fcr sich sprechen l\u00e4sst und die machen ein bisschen theater, stehen und deklamieren was von st\u00e4dten die geh\u00f6ren keinem mehr oder jedenfalls nicht dir und der da nicht und den anderen dann f\u00fcr die die da sprechen nicht, weil wie immer kommen welche von sonstwo und nehmen einem die stadt den blick und die sprache weg und dann kommt der krieg oder so, kommt ja gern krieg in die st\u00e4dte und der dem die kneipe geh\u00f6rt kommentiert dass er jetzt nicht so genau verstanden h\u00e4tte obs da um <em>buda<\/em>grad oder bel<em>pest <\/em>gegangen sein k\u00f6nnte oder welche anderen agglomerationen sonst auf dem weg nach stambul durch die steppe ein raub von behaglichkeit die vor die hunde geht, das ubootshirt immer am mann. h\u00e4ngst am wein marke protocolo weiss als schorle oder nein, es gibt noch ein buffet weil die den text schrieb dann ein stipendium geniessen wird in konstantinopel und du fragst dich leise ob sie dort von sich als einer schreiben wird die in die stadt kommt die ihr nicht geh\u00f6rt und anderen dort dann was weg nimmt mit ihrem sprechen in einer anderen sprache, ihrem gehen mit einem anderen gang<\/p>\n<p>dachtest mal das sei das eigenartige an st\u00e4dten: ihre begehbarkeit und dass es orte sind sich zu begegnen handel zu treiben oder einander geschichten vorzuenthalten sind so deine halbtrunkenen nachdenklichkeiten, aber das st\u00fcck von der einen die zwei lesen l\u00e4sst damit das dialogische vielleicht logisch erscheint trabt so weiter spielt sich was aus, riecht dir zu sehr nach selbstgespr\u00e4ch murmelst du leise f\u00fcr dich aber die kneipe ist von sympathisanten gef\u00fcllt die die den text geschrieben hat m\u00f6gen weil sie sonst dort hinterm tresen steht, irgendwie scheint der text das thema kiez zu verhandeln oder die darbietung selbst ein st\u00fcck kiez zu sein, das geborgene oder das eigene im offenen das leicht verloren geht wenn irgendwas pas- siert zum beispiel krieg oder so, irgendetwas dazwischen ger\u00e4t aber der text spricht nicht vom gut-hinterm-tresen-stehen und dann noch einen text verfassen den die davor sonst genossen nun auch geniessen wollen weil, naja du weisst schon, das ist jetzt ein ausgef\u00e4delter satz<\/p>\n","protected":false},"excerpt":{"rendered":"<p>ralf b. korte \u00a0 \u00a0 \u00a0 \u00a0 \u00a0 \u00a0 \u00a0 ::ENGLISH:: \u00a0 \u00a0 \u00a0::MAKEDONSKI:: ralf b. korte, geb. 1963 in ulm\/do. studien in konstanz und graz; lebt seit 1992 in berlin. in den 1990ern zahlreiche performances mit wechselnden beteiligten der [&hellip;]<\/p>\n","protected":false},"author":1,"featured_media":1822,"parent":1326,"menu_order":0,"comment_status":"closed","ping_status":"closed","template":"","meta":{"footnotes":""},"_links":{"self":[{"href":"https:\/\/www.slovokult-literatur.de\/index.php\/wp-json\/wp\/v2\/pages\/1817"}],"collection":[{"href":"https:\/\/www.slovokult-literatur.de\/index.php\/wp-json\/wp\/v2\/pages"}],"about":[{"href":"https:\/\/www.slovokult-literatur.de\/index.php\/wp-json\/wp\/v2\/types\/page"}],"author":[{"embeddable":true,"href":"https:\/\/www.slovokult-literatur.de\/index.php\/wp-json\/wp\/v2\/users\/1"}],"replies":[{"embeddable":true,"href":"https:\/\/www.slovokult-literatur.de\/index.php\/wp-json\/wp\/v2\/comments?post=1817"}],"version-history":[{"count":7,"href":"https:\/\/www.slovokult-literatur.de\/index.php\/wp-json\/wp\/v2\/pages\/1817\/revisions"}],"predecessor-version":[{"id":1851,"href":"https:\/\/www.slovokult-literatur.de\/index.php\/wp-json\/wp\/v2\/pages\/1817\/revisions\/1851"}],"up":[{"embeddable":true,"href":"https:\/\/www.slovokult-literatur.de\/index.php\/wp-json\/wp\/v2\/pages\/1326"}],"wp:featuredmedia":[{"embeddable":true,"href":"https:\/\/www.slovokult-literatur.de\/index.php\/wp-json\/wp\/v2\/media\/1822"}],"wp:attachment":[{"href":"https:\/\/www.slovokult-literatur.de\/index.php\/wp-json\/wp\/v2\/media?parent=1817"}],"curies":[{"name":"wp","href":"https:\/\/api.w.org\/{rel}","templated":true}]}}

<p><img decoding="async" loading="lazy" class="size-medium wp-image-1820 alignleft" src="http://www.slovokult-literatur.de/wp-content/uploads/2018/08/ralf-b.-korte-300x225.jpeg" alt="" width="300" height="225" srcset="https://www.slovokult-literatur.de/wp-content/uploads/2018/08/ralf-b.-korte-300x225.jpeg 300w, https://www.slovokult-literatur.de/wp-content/uploads/2018/08/ralf-b.-korte-768x577.jpeg 768w, https://www.slovokult-literatur.de/wp-content/uploads/2018/08/ralf-b.-korte.jpeg 1024w, https://www.slovokult-literatur.de/wp-content/uploads/2018/08/ralf-b.-korte-400x300.jpeg 400w" sizes="(max-width: 300px) 100vw, 300px" /><strong>ralf b. korte               <a href="http://www.slovokult-literatur.de/index.php/slovokult-literartour-2018/teilnehmer-particpipants/ralf-b-korte/en/" target="_blank" rel="noopener">::ENGLISH::</a>      <a href="http://www.slovokult.eu/index.php/avtori/proza/ralf-b-korte-mk/" target="_blank" rel="noopener">::MAKEDONSKI::</a></strong></p>
<p>ralf b. korte, geb. 1963 in ulm/do. studien in konstanz und graz; lebt seit 1992 in berlin. in den 1990ern zahlreiche performances mit wechselnden beteiligten der <em>shelter performance group</em>.</p>
<p>seit 1993 co-redaktion von <em>perspektive – hefte für zeitgenössische literatur</em>.</p>
<p>1995–1999 mitarbeit bei <em>NN-fabrik</em>.</p>
<p>2003 – 2015 <em>TextTotal – literatur salon zur lage des deutschen dichtens</em>(mit d.holland-moritz und uwe warnke).</p>
<p>publikationen (Auswahl):</p>
<p>&#8211; unter der haut. mehr zweck prosa. (siegendorf 1997)</p>
<p>&#8211; baby hold on. bild text mit CD (m.T. 3. in kooperation mit klangwerkstatt berlin; siegendorf 1998)</p>
<p>&#8211; forward slope. fronttext und flussnoten. (klagenfurt und wien 2000)</p>
<p>&#8211; ralf b. korte / Elisabeth Hödl: FM dj [reading <em>reise durch die nacht</em>]. Ein elektronischer Briefroman. (bielefeld 2004)</p>
<p>&#8211; d&#8217;Annunzio. d&#8217;Annunzio.. semisphären zum comandante. (klagenfurt und wien 2008)</p>
<p>&#8211; Elisabeth Hödl / ralf b. korte : Galatea. Die FTIC-Ermittliungen. Kriminalroman. (graz 2011)</p>
<p>&#8211; ralf b. korte <em>(mit einem exkurs von silvia stecher)</em>: <strong>neulich war schon oder</strong> <em>(da zwischen balkan)</em>(klagenfurt und wien 2015)</p>
<p>::AUSZUG::</p>
<div class="page" title="Page 8">
<div class="layoutArea">
<div class="column">
<p>DEUTSCHAMERIKANISCHE FREUNDSCHAFT</p>
<p><img decoding="async" loading="lazy" class=" wp-image-1822 aligncenter" src="http://www.slovokult-literatur.de/wp-content/uploads/2018/08/korte-bild-daf-300x193.png" alt="" width="602" height="387" srcset="https://www.slovokult-literatur.de/wp-content/uploads/2018/08/korte-bild-daf-300x193.png 300w, https://www.slovokult-literatur.de/wp-content/uploads/2018/08/korte-bild-daf-768x495.png 768w, https://www.slovokult-literatur.de/wp-content/uploads/2018/08/korte-bild-daf-400x258.png 400w, https://www.slovokult-literatur.de/wp-content/uploads/2018/08/korte-bild-daf.png 776w" sizes="(max-width: 602px) 100vw, 602px" /></p>
</div>
</div>
</div>
<p>abgesehen davon ist beispielsweise auch ein banküberfall ein wirkliches gesamtkunstwerk. und den kann man nicht im museum an die wand hängen.</p>
<p><em>norbert knofo kröcher im gespräch mit ivo bozic, 17.04.03 </em></p>
<p>020814 neulich am prenzlauer berg hörst ein stück text von einer die zwei für sich sprechen lässt und die machen ein bisschen theater, stehen und deklamieren was von städten die gehören keinem mehr oder jedenfalls nicht dir und der da nicht und den anderen dann für die die da sprechen nicht, weil wie immer kommen welche von sonstwo und nehmen einem die stadt den blick und die sprache weg und dann kommt der krieg oder so, kommt ja gern krieg in die städte und der dem die kneipe gehört kommentiert dass er jetzt nicht so genau verstanden hätte obs da um <em>buda</em>grad oder bel<em>pest </em>gegangen sein könnte oder welche anderen agglomerationen sonst auf dem weg nach stambul durch die steppe ein raub von behaglichkeit die vor die hunde geht, das ubootshirt immer am mann. hängst am wein marke protocolo weiss als schorle oder nein, es gibt noch ein buffet weil die den text schrieb dann ein stipendium geniessen wird in konstantinopel und du fragst dich leise ob sie dort von sich als einer schreiben wird die in die stadt kommt die ihr nicht gehört und anderen dort dann was weg nimmt mit ihrem sprechen in einer anderen sprache, ihrem gehen mit einem anderen gang</p>
<p>dachtest mal das sei das eigenartige an städten: ihre begehbarkeit und dass es orte sind sich zu begegnen handel zu treiben oder einander geschichten vorzuenthalten sind so deine halbtrunkenen nachdenklichkeiten, aber das stück von der einen die zwei lesen lässt damit das dialogische vielleicht logisch erscheint trabt so weiter spielt sich was aus, riecht dir zu sehr nach selbstgespräch murmelst du leise für dich aber die kneipe ist von sympathisanten gefüllt die die den text geschrieben hat mögen weil sie sonst dort hinterm tresen steht, irgendwie scheint der text das thema kiez zu verhandeln oder die darbietung selbst ein stück kiez zu sein, das geborgene oder das eigene im offenen das leicht verloren geht wenn irgendwas pas- siert zum beispiel krieg oder so, irgendetwas dazwischen gerät aber der text spricht nicht vom gut-hinterm-tresen-stehen und dann noch einen text verfassen den die davor sonst genossen nun auch geniessen wollen weil, naja du weisst schon, das ist jetzt ein ausgefädelter satz</p>
